Last updated on 2025-11-16 00:48:29 CET.
| Flavor | Version | Tinstall | Tcheck | Ttotal | Status | Flags |
|---|---|---|---|---|---|---|
| r-devel-linux-x86_64-debian-clang | 1.5.2 | 29.42 | 180.91 | 210.33 | NOTE | |
| r-devel-linux-x86_64-debian-gcc | 1.5.2 | 19.58 | 126.57 | 146.15 | NOTE | |
| r-devel-linux-x86_64-fedora-clang | 1.5.2 | 69.00 | 265.06 | 334.06 | NOTE | |
| r-devel-linux-x86_64-fedora-gcc | 1.5.2 | 60.00 | 249.24 | 309.24 | NOTE | |
| r-devel-windows-x86_64 | 1.5.2 | 29.00 | 208.00 | 237.00 | NOTE | |
| r-patched-linux-x86_64 | 1.5.2 | 25.93 | 172.70 | 198.63 | OK | |
| r-release-linux-x86_64 | 1.5.2 | 26.89 | 172.79 | 199.68 | OK | |
| r-release-macos-arm64 | 1.5.2 | 9.00 | 50.00 | 59.00 | OK | |
| r-release-macos-x86_64 | 1.5.2 | 22.00 | 131.00 | 153.00 | OK | |
| r-release-windows-x86_64 | 1.5.2 | 28.00 | 203.00 | 231.00 | OK | |
| r-oldrel-macos-arm64 | 1.5.2 | 12.00 | 80.00 | 92.00 | OK | |
| r-oldrel-macos-x86_64 | 1.5.2 | 21.00 | 130.00 | 151.00 | OK | |
| r-oldrel-windows-x86_64 | 1.5.2 | 40.00 | 263.00 | 303.00 | OK |
Version: 1.5.2
Check: Rd files
Result: NOTE
checkRd: (-1) make_deadata_fuzzy.Rd:96: height/width attributes should be in pixels
Flavors: r-devel-linux-x86_64-debian-clang, r-devel-linux-x86_64-debian-gcc, r-devel-linux-x86_64-fedora-clang, r-devel-linux-x86_64-fedora-gcc, r-devel-windows-x86_64