CRAN Package Check Results for Package ddpcr

Last updated on 2025-07-20 20:48:24 CEST.

Flavor Version Tinstall Tcheck Ttotal Status Flags
r-devel-linux-x86_64-debian-clang 1.15.2 5.75 174.14 179.89 NOTE
r-devel-linux-x86_64-debian-gcc 1.15.2 4.06 126.28 130.34 NOTE
r-devel-linux-x86_64-fedora-clang 1.15.2 278.06 NOTE
r-devel-linux-x86_64-fedora-gcc 1.15.2 287.71 NOTE
r-devel-windows-x86_64 1.15.2 10.00 260.00 270.00 NOTE
r-patched-linux-x86_64 1.15.2 8.38 164.50 172.88 NOTE
r-release-linux-x86_64 1.15.2 6.38 165.57 171.95 NOTE
r-release-macos-arm64 1.15.2 83.00 NOTE
r-release-macos-x86_64 1.15.2 168.00 NOTE
r-release-windows-x86_64 1.15.2 12.00 246.00 258.00 NOTE
r-oldrel-macos-arm64 1.15.2 83.00 NOTE
r-oldrel-macos-x86_64 1.15.2 183.00 NOTE
r-oldrel-windows-x86_64 1.15.2 11.00 309.00 320.00 NOTE

Check Details

Version: 1.15.2
Check: Rd files
Result: NOTE checkRd: (-1) plot.ddpcr_plate.Rd:136-137: Lost braces in \itemize; meant \describe ? checkRd: (-1) plot.ddpcr_plate.Rd:138-139: Lost braces in \itemize; meant \describe ? checkRd: (-1) plot.ddpcr_plate.Rd:140-141: Lost braces in \itemize; meant \describe ? Flavors: r-devel-linux-x86_64-debian-clang, r-devel-linux-x86_64-debian-gcc, r-devel-linux-x86_64-fedora-clang, r-devel-linux-x86_64-fedora-gcc, r-devel-windows-x86_64, r-patched-linux-x86_64, r-release-linux-x86_64, r-release-macos-arm64, r-release-macos-x86_64, r-release-windows-x86_64, r-oldrel-macos-arm64, r-oldrel-macos-x86_64, r-oldrel-windows-x86_64

Version: 1.15.2
Check: dependencies in R code
Result: NOTE Namespace in Imports field not imported from: ‘shinydisconnect’ All declared Imports should be used. Flavors: r-devel-linux-x86_64-fedora-clang, r-devel-linux-x86_64-fedora-gcc