Last updated on 2025-10-24 11:50:43 CEST.
| Flavor | Version | Tinstall | Tcheck | Ttotal | Status | Flags |
|---|---|---|---|---|---|---|
| r-devel-linux-x86_64-debian-clang | 0.1.1 | 1.50 | 26.14 | 27.64 | NOTE | |
| r-devel-linux-x86_64-debian-gcc | 0.1.1 | 1.43 | 21.86 | 23.29 | NOTE | |
| r-devel-linux-x86_64-fedora-clang | 0.1.1 | 44.24 | NOTE | |||
| r-devel-linux-x86_64-fedora-gcc | 0.1.1 | 54.53 | NOTE | |||
| r-devel-windows-x86_64 | 0.1.1 | 4.00 | 45.00 | 49.00 | OK | |
| r-patched-linux-x86_64 | 0.1.1 | 1.91 | 24.77 | 26.68 | NOTE | |
| r-release-linux-x86_64 | 0.1.1 | 1.61 | 24.81 | 26.42 | NOTE | |
| r-release-macos-arm64 | 0.1.1 | 1.00 | 31.00 | 32.00 | OK | |
| r-release-macos-x86_64 | 0.1.1 | 2.00 | 41.00 | 43.00 | OK | |
| r-release-windows-x86_64 | 0.1.1 | 4.00 | 47.00 | 51.00 | OK | |
| r-oldrel-macos-arm64 | 0.1.1 | 1.00 | 23.00 | 24.00 | OK | |
| r-oldrel-macos-x86_64 | 0.1.1 | 2.00 | 32.00 | 34.00 | OK | |
| r-oldrel-windows-x86_64 | 0.1.1 | 5.00 | 53.00 | 58.00 | OK |
Version: 0.1.1
Check: CRAN incoming feasibility
Result: NOTE
Maintainer: ‘Dania M. Rodriguez <dmrodz@gmail.com>’
Found the following URLs which should use \doi (with the DOI name only):
File ‘my.data.Rd’:
http://doi.org/10.5281/zenodo.439543
Flavors: r-devel-linux-x86_64-debian-clang, r-devel-linux-x86_64-debian-gcc
Version: 0.1.1
Check: for non-standard things in the check directory
Result: NOTE
Found the following files/directories:
‘my new data set.rds’
Flavors: r-devel-linux-x86_64-debian-clang, r-devel-linux-x86_64-debian-gcc, r-devel-linux-x86_64-fedora-clang, r-devel-linux-x86_64-fedora-gcc, r-patched-linux-x86_64, r-release-linux-x86_64