Last updated on 2025-07-19 19:49:43 CEST.
Flavor | Version | Tinstall | Tcheck | Ttotal | Status | Flags |
---|---|---|---|---|---|---|
r-devel-linux-x86_64-debian-clang | 1.0.2.1000 | 13.84 | 333.79 | 347.63 | NOTE | |
r-devel-linux-x86_64-debian-gcc | 1.0.2.1000 | 10.26 | 214.25 | 224.51 | NOTE | |
r-devel-linux-x86_64-fedora-clang | 1.0.2.1000 | 533.66 | OK | |||
r-devel-linux-x86_64-fedora-gcc | 1.0.2.1000 | 517.72 | OK | |||
r-devel-windows-x86_64 | 1.0.2.1000 | 15.00 | 274.00 | 289.00 | OK | |
r-patched-linux-x86_64 | 1.0.2.1000 | 14.53 | 309.47 | 324.00 | OK | |
r-release-linux-x86_64 | 1.0.2.1000 | 12.25 | 306.00 | 318.25 | OK | |
r-release-macos-arm64 | 1.0.2.1000 | 144.00 | OK | |||
r-release-macos-x86_64 | 1.0.2.1000 | 296.00 | OK | |||
r-release-windows-x86_64 | 1.0.2.1000 | 15.00 | 274.00 | 289.00 | OK | |
r-oldrel-macos-arm64 | 1.0.2.1000 | 136.00 | OK | |||
r-oldrel-macos-x86_64 | 1.0.2.1000 | 231.00 | OK | |||
r-oldrel-windows-x86_64 | 1.0.2.1000 | 20.00 | 360.00 | 380.00 | OK |
Version: 1.0.2.1000
Check: CRAN incoming feasibility
Result: NOTE
Maintainer: ‘David Garibay <dgari039@uottawa.ca>’
Found the following \keyword or \concept entries
which likely give several index terms:
File ‘beta_params.Rd’:
\keyword{distribution;}
File ‘calc_evpi.Rd’:
\keyword{information;}
File ‘dirichlet_params.Rd’:
\keyword{distribution;}
File ‘gamma_params.Rd’:
\keyword{distribution;}
File ‘lnorm_params.Rd’:
\keyword{distribution;}
Flavors: r-devel-linux-x86_64-debian-clang, r-devel-linux-x86_64-debian-gcc