Last updated on 2025-10-31 14:49:40 CET.
| Flavor | Version | Tinstall | Tcheck | Ttotal | Status | Flags | 
|---|---|---|---|---|---|---|
| r-devel-linux-x86_64-debian-clang | 2.0-1 | 2.23 | 24.57 | 26.80 | NOTE | |
| r-devel-linux-x86_64-debian-gcc | 2.0-1 | 1.79 | 19.87 | 21.66 | NOTE | |
| r-devel-linux-x86_64-fedora-clang | 2.0-1 | 38.94 | OK | |||
| r-devel-linux-x86_64-fedora-gcc | 2.0-1 | 37.55 | OK | |||
| r-devel-windows-x86_64 | 2.0-1 | 4.00 | 43.00 | 47.00 | OK | |
| r-patched-linux-x86_64 | 2.0-1 | 2.64 | 23.22 | 25.86 | OK | |
| r-release-linux-x86_64 | 2.0-1 | 1.91 | 23.34 | 25.25 | OK | |
| r-release-macos-arm64 | 2.0-1 | 1.00 | 19.00 | 20.00 | OK | |
| r-release-macos-x86_64 | 2.0-1 | 2.00 | 24.00 | 26.00 | OK | |
| r-release-windows-x86_64 | 2.0-1 | 5.00 | 45.00 | 50.00 | OK | |
| r-oldrel-macos-arm64 | 2.0-1 | 1.00 | 16.00 | 17.00 | OK | |
| r-oldrel-macos-x86_64 | 2.0-1 | 3.00 | 24.00 | 27.00 | OK | |
| r-oldrel-windows-x86_64 | 2.0-1 | 4.00 | 49.00 | 53.00 | OK | 
Version: 2.0-1
Check: CRAN incoming feasibility
Result: NOTE
  Maintainer: ‘Zhibing He <zhibingh@asu.edu>’
  
  No Authors@R field in DESCRIPTION.
  Please add one, modifying
    Authors@R: person(given = "Zhibing",
                      family = "He",
                      role = c("aut", "cre"),
                      email = "zhibingh@asu.edu")
  as necessary.
Flavors: r-devel-linux-x86_64-debian-clang, r-devel-linux-x86_64-debian-gcc