CRAN Package Check Results for Package customiser

Last updated on 2025-10-24 11:50:43 CEST.

Flavor Version Tinstall Tcheck Ttotal Status Flags
r-devel-linux-x86_64-debian-clang 0.1.1 1.65 22.02 23.67 OK
r-devel-linux-x86_64-debian-gcc 0.1.1 1.37 18.86 20.23 OK
r-devel-linux-x86_64-fedora-clang 0.1.1 22.34 NOTE
r-devel-linux-x86_64-fedora-gcc 0.1.1 30.07 NOTE
r-devel-windows-x86_64 0.1.1 3.00 39.00 42.00 OK
r-patched-linux-x86_64 0.1.1 1.52 20.12 21.64 OK
r-release-linux-x86_64 0.1.1 1.42 19.82 21.24 OK
r-release-macos-arm64 0.1.1 1.00 17.00 18.00 OK
r-release-macos-x86_64 0.1.1 2.00 24.00 26.00 OK
r-release-windows-x86_64 0.1.1 5.00 41.00 46.00 OK
r-oldrel-macos-arm64 0.1.1 1.00 16.00 17.00 OK
r-oldrel-macos-x86_64 0.1.1 2.00 26.00 28.00 OK
r-oldrel-windows-x86_64 0.1.1 4.00 46.00 50.00 OK

Check Details

Version: 0.1.1
Check: dependencies in R code
Result: NOTE Namespace in Imports field not imported from: ‘rlang’ All declared Imports should be used. Flavors: r-devel-linux-x86_64-fedora-clang, r-devel-linux-x86_64-fedora-gcc