CRAN Package Check Results for Package crawl

Last updated on 2025-10-09 12:51:13 CEST.

Flavor Version Tinstall Tcheck Ttotal Status Flags
r-devel-linux-x86_64-debian-clang 2.3.0 95.08 56.83 151.91 NOTE
r-devel-linux-x86_64-debian-gcc 2.3.0 61.95 40.11 102.06 NOTE
r-devel-linux-x86_64-fedora-clang 2.3.0 206.78 NOTE
r-devel-linux-x86_64-fedora-gcc 2.3.0 239.45 NOTE
r-devel-windows-x86_64 2.3.0 114.00 105.00 219.00 NOTE --no-vignettes
r-patched-linux-x86_64 2.3.0 100.65 51.55 152.20 NOTE
r-release-linux-x86_64 2.3.0 97.23 52.39 149.62 NOTE
r-release-macos-arm64 2.3.0 74.00 NOTE
r-release-macos-x86_64 2.3.0 104.00 NOTE
r-release-windows-x86_64 2.3.0 116.00 91.00 207.00 NOTE --no-vignettes
r-oldrel-macos-arm64 2.3.0 64.00 NOTE
r-oldrel-macos-x86_64 2.3.0 71.00 NOTE
r-oldrel-windows-x86_64 2.3.0 135.00 113.00 248.00 NOTE --no-vignettes

Check Details

Version: 2.3.0
Check: CRAN incoming feasibility
Result: NOTE Maintainer: ‘Devin S. Johnson <devin.johnson@noaa.gov>’ Package CITATION file contains call(s) to old-style personList() or as.personList(). Please use c() on person objects instead. Package CITATION file contains call(s) to old-style citEntry(). Please use bibentry() instead. Flavors: r-devel-linux-x86_64-debian-clang, r-devel-linux-x86_64-debian-gcc

Version: 2.3.0
Check: Rd files
Result: NOTE checkRd: (-1) crwPredict.Rd:54-68: Lost braces 54 | \item("predTime"){ | ^ checkRd: (-1) crwPredict.Rd:59: Lost braces 59 | no longer the default (see \item{return.type}). If the original data were | ^ Flavors: r-devel-linux-x86_64-debian-clang, r-devel-linux-x86_64-debian-gcc, r-devel-linux-x86_64-fedora-clang, r-devel-linux-x86_64-fedora-gcc, r-patched-linux-x86_64, r-release-linux-x86_64, r-release-macos-arm64, r-release-macos-x86_64, r-oldrel-macos-arm64, r-oldrel-macos-x86_64

Version: 2.3.0
Flags: --no-vignettes
Check: Rd files
Result: NOTE checkRd: (-1) crwPredict.Rd:54-68: Lost braces 54 | \item("predTime"){ | ^ checkRd: (-1) crwPredict.Rd:59: Lost braces 59 | no longer the default (see \item{return.type}). If the original data were | ^ Flavors: r-devel-windows-x86_64, r-release-windows-x86_64, r-oldrel-windows-x86_64

Version: 2.3.0
Check: installed package size
Result: NOTE installed size is 6.0Mb sub-directories of 1Mb or more: libs 5.2Mb Flavors: r-oldrel-macos-arm64, r-oldrel-macos-x86_64