Last updated on 2025-10-31 07:51:43 CET.
| Flavor | Version | Tinstall | Tcheck | Ttotal | Status | Flags | 
|---|---|---|---|---|---|---|
| r-devel-linux-x86_64-debian-clang | 1.2.1 | 114.51 | 67.96 | 182.47 | NOTE | |
| r-devel-linux-x86_64-debian-gcc | 1.2.1 | 71.35 | 51.02 | 122.37 | NOTE | |
| r-devel-linux-x86_64-fedora-clang | 1.2.1 | 170.00 | 148.68 | 318.68 | NOTE | |
| r-devel-linux-x86_64-fedora-gcc | 1.2.1 | 154.00 | 134.56 | 288.56 | NOTE | |
| r-devel-windows-x86_64 | 1.2.1 | 128.00 | 110.00 | 238.00 | OK | |
| r-patched-linux-x86_64 | 1.2.1 | 111.43 | 64.38 | 175.81 | OK | |
| r-release-linux-x86_64 | 1.2.1 | 106.40 | 65.32 | 171.72 | OK | |
| r-release-macos-arm64 | 1.2.1 | 39.00 | 36.00 | 75.00 | OK | |
| r-release-macos-x86_64 | 1.2.1 | 39.00 | 65.00 | 104.00 | OK | |
| r-release-windows-x86_64 | 1.2.1 | 126.00 | 110.00 | 236.00 | OK | |
| r-oldrel-macos-arm64 | 1.2.1 | 42.00 | 34.00 | 76.00 | NOTE | |
| r-oldrel-macos-x86_64 | 1.2.1 | 35.00 | 48.00 | 83.00 | NOTE | |
| r-oldrel-windows-x86_64 | 1.2.1 | 146.00 | 123.00 | 269.00 | OK | 
Version: 1.2.1
Check: CRAN incoming feasibility
Result: NOTE
  Maintainer: ‘Jueyu Gao <jueyu@ualberta.ca>’
  
  No Authors@R field in DESCRIPTION.
  Please add one, modifying
    Authors@R: c(person(given = c("Jueyu", "Gao", "&", "Linglong"),
                        family = "Kong",
                        role = "aut"),
                 person(given = "Jueyu",
                        family = "Gao",
                        role = "cre",
                        email = "jueyu@ualberta.ca"))
  as necessary.
Flavors: r-devel-linux-x86_64-debian-clang, r-devel-linux-x86_64-debian-gcc
Version: 1.2.1
Check: compiled code
Result: NOTE
  File ‘cqrReg/libs/cqrReg.so’:
    Found no calls to: ‘R_registerRoutines’, ‘R_useDynamicSymbols’
  
  It is good practice to register native routines and to disable symbol
  search.
  
  See ‘Writing portable packages’ in the ‘Writing R Extensions’ manual.
Flavors: r-devel-linux-x86_64-fedora-clang, r-devel-linux-x86_64-fedora-gcc
Version: 1.2.1
Check: installed package size
Result: NOTE
    installed size is  6.9Mb
    sub-directories of 1Mb or more:
      libs   6.8Mb
Flavors: r-oldrel-macos-arm64, r-oldrel-macos-x86_64