Last updated on 2025-07-28 13:49:29 CEST.
Flavor | Version | Tinstall | Tcheck | Ttotal | Status | Flags |
---|---|---|---|---|---|---|
r-devel-linux-x86_64-debian-clang | 1.13.4 | 9.29 | 54.87 | 64.16 | NOTE | |
r-devel-linux-x86_64-debian-gcc | 1.13.4 | 6.95 | 43.31 | 50.26 | NOTE | |
r-devel-linux-x86_64-fedora-clang | 1.13.4 | 92.99 | NOTE | |||
r-devel-linux-x86_64-fedora-gcc | 1.13.4 | 94.13 | NOTE | |||
r-devel-windows-x86_64 | 1.13.4 | 13.00 | 98.00 | 111.00 | NOTE | |
r-patched-linux-x86_64 | 1.13.4 | 8.72 | 51.03 | 59.75 | NOTE | |
r-release-linux-x86_64 | 1.13.4 | 9.29 | 51.53 | 60.82 | NOTE | |
r-release-macos-arm64 | 1.13.4 | 37.00 | NOTE | |||
r-release-macos-x86_64 | 1.13.4 | 64.00 | NOTE | |||
r-release-windows-x86_64 | 1.13.4 | 13.00 | 70.00 | 83.00 | NOTE | |
r-oldrel-macos-arm64 | 1.13.4 | 31.00 | OK | |||
r-oldrel-macos-x86_64 | 1.13.4 | 49.00 | OK | |||
r-oldrel-windows-x86_64 | 1.13.4 | 15.00 | 85.00 | 100.00 | OK |
Version: 1.13.4
Check: DESCRIPTION meta-information
Result: NOTE
Missing dependency on R >= 4.1.0 because package code uses the pipe
|> or function shorthand \(...) syntax added in R 4.1.0.
File(s) using such syntax:
‘coxphf-tidiers.R’
Flavors: r-devel-linux-x86_64-debian-clang, r-devel-linux-x86_64-debian-gcc, r-devel-linux-x86_64-fedora-clang, r-devel-linux-x86_64-fedora-gcc, r-devel-windows-x86_64, r-patched-linux-x86_64, r-release-linux-x86_64, r-release-macos-arm64, r-release-macos-x86_64, r-release-windows-x86_64