Last updated on 2025-11-15 06:49:38 CET.
| Flavor | Version | Tinstall | Tcheck | Ttotal | Status | Flags |
|---|---|---|---|---|---|---|
| r-devel-linux-x86_64-debian-clang | 0.1.0 | 2.15 | 58.67 | 60.82 | OK | |
| r-devel-linux-x86_64-debian-gcc | 0.1.0 | 1.75 | 40.88 | 42.63 | OK | |
| r-devel-linux-x86_64-fedora-clang | 0.1.0 | 86.47 | NOTE | |||
| r-devel-linux-x86_64-fedora-gcc | 0.1.0 | 98.42 | NOTE | |||
| r-devel-windows-x86_64 | 0.1.0 | 10.00 | 72.00 | 82.00 | OK | |
| r-patched-linux-x86_64 | 0.1.0 | 1.56 | 54.66 | 56.22 | OK | |
| r-release-linux-x86_64 | 0.1.0 | 2.15 | 54.61 | 56.76 | OK | |
| r-release-macos-arm64 | 0.1.0 | 1.00 | 48.00 | 49.00 | OK | |
| r-release-macos-x86_64 | 0.1.0 | 2.00 | 68.00 | 70.00 | OK | |
| r-release-windows-x86_64 | 0.1.0 | 5.00 | 71.00 | 76.00 | OK | |
| r-oldrel-macos-arm64 | 0.1.0 | 1.00 | 38.00 | 39.00 | OK | |
| r-oldrel-macos-x86_64 | 0.1.0 | 2.00 | 55.00 | 57.00 | OK | |
| r-oldrel-windows-x86_64 | 0.1.0 | 5.00 | 84.00 | 89.00 | OK |
Version: 0.1.0
Check: dependencies in R code
Result: NOTE
Namespaces in Imports field not imported from:
‘ggplot2’ ‘misc3d’
All declared Imports should be used.
Flavors: r-devel-linux-x86_64-fedora-clang, r-devel-linux-x86_64-fedora-gcc