CRAN Package Check Results for Package covdepGE

Last updated on 2025-07-23 18:58:41 CEST.

Flavor Version Tinstall Tcheck Ttotal Status Flags
r-devel-linux-x86_64-debian-clang 1.0.1 27.46 162.84 190.30 NOTE
r-devel-linux-x86_64-debian-gcc 1.0.1 18.95 127.41 146.36 NOTE
r-devel-linux-x86_64-fedora-clang 1.0.1 225.65 NOTE
r-devel-linux-x86_64-fedora-gcc 1.0.1 217.47 NOTE
r-devel-windows-x86_64 1.0.1 33.00 109.00 142.00 NOTE
r-patched-linux-x86_64 1.0.1 26.77 144.49 171.26 NOTE
r-release-linux-x86_64 1.0.1 25.49 149.75 175.24 NOTE
r-release-macos-arm64 1.0.1 56.00 NOTE
r-release-macos-x86_64 1.0.1 87.00 NOTE
r-release-windows-x86_64 1.0.1 34.00 108.00 142.00 NOTE
r-oldrel-macos-arm64 1.0.1 55.00 NOTE
r-oldrel-macos-x86_64 1.0.1 78.00 NOTE
r-oldrel-windows-x86_64 1.0.1 38.00 137.00 175.00 NOTE

Check Details

Version: 1.0.1
Check: C++ specification
Result: NOTE Specified C++11: please drop specification unless essential Flavors: r-devel-linux-x86_64-debian-clang, r-devel-linux-x86_64-debian-gcc, r-devel-linux-x86_64-fedora-clang, r-devel-linux-x86_64-fedora-gcc, r-devel-windows-x86_64, r-patched-linux-x86_64, r-release-linux-x86_64, r-release-macos-arm64, r-release-macos-x86_64, r-release-windows-x86_64, r-oldrel-macos-arm64, r-oldrel-macos-x86_64, r-oldrel-windows-x86_64