Last updated on 2025-10-16 04:50:42 CEST.
Flavor | Version | Tinstall | Tcheck | Ttotal | Status | Flags |
---|---|---|---|---|---|---|
r-devel-linux-x86_64-debian-clang | 0.4.4 | 23.30 | 31.20 | 54.50 | OK | |
r-devel-linux-x86_64-debian-gcc | 0.4.4 | 21.87 | 26.65 | 48.52 | OK | |
r-devel-linux-x86_64-fedora-clang | 0.4.4 | 64.87 | OK | |||
r-devel-linux-x86_64-fedora-gcc | 0.4.4 | 99.38 | OK | |||
r-devel-windows-x86_64 | 0.4.4 | 36.00 | 55.00 | 91.00 | OK | |
r-patched-linux-x86_64 | 0.4.4 | 28.94 | 30.72 | 59.66 | OK | |
r-release-linux-x86_64 | 0.4.4 | 29.32 | 30.70 | 60.02 | OK | |
r-release-macos-arm64 | 0.4.4 | 36.00 | OK | |||
r-release-macos-x86_64 | 0.4.4 | 55.00 | OK | |||
r-release-windows-x86_64 | 0.4.4 | 36.00 | 57.00 | 93.00 | OK | |
r-oldrel-macos-arm64 | 0.4.4 | 28.00 | NOTE | |||
r-oldrel-macos-x86_64 | 0.4.4 | 44.00 | NOTE | |||
r-oldrel-windows-x86_64 | 0.4.4 | 42.00 | 65.00 | 107.00 | NOTE |
Version: 0.4.4
Check: installed package size
Result: NOTE
installed size is 13.5Mb
sub-directories of 1Mb or more:
libs 13.0Mb
Flavors: r-oldrel-macos-arm64, r-oldrel-macos-x86_64
Version: 0.4.4
Check: LazyData
Result: NOTE
'LazyData' is specified without a 'data' directory
Flavors: r-oldrel-macos-arm64, r-oldrel-macos-x86_64, r-oldrel-windows-x86_64