Last updated on 2025-07-18 13:49:29 CEST.
Flavor | Version | Tinstall | Tcheck | Ttotal | Status | Flags |
---|---|---|---|---|---|---|
r-devel-linux-x86_64-debian-clang | 0.7.4 | 6.29 | 141.56 | 147.85 | OK | |
r-devel-linux-x86_64-debian-gcc | 0.7.4 | 4.77 | 89.06 | 93.83 | OK | |
r-devel-linux-x86_64-fedora-clang | 0.7.4 | 214.05 | OK | |||
r-devel-linux-x86_64-fedora-gcc | 0.7.4 | 227.55 | OK | |||
r-devel-windows-x86_64 | 0.7.4 | 8.00 | 151.00 | 159.00 | OK | |
r-patched-linux-x86_64 | 0.7.4 | 6.20 | 128.26 | 134.46 | OK | |
r-release-linux-x86_64 | 0.7.4 | 5.94 | 127.36 | 133.30 | OK | |
r-release-macos-arm64 | 0.7.4 | 71.00 | OK | |||
r-release-macos-x86_64 | 0.7.4 | 159.00 | OK | |||
r-release-windows-x86_64 | 0.7.4 | 8.00 | 154.00 | 162.00 | OK | |
r-oldrel-macos-arm64 | 0.7.4 | 84.00 | NOTE | |||
r-oldrel-macos-x86_64 | 0.7.4 | 116.00 | NOTE | |||
r-oldrel-windows-x86_64 | 0.7.4 | 9.00 | 206.00 | 215.00 | NOTE |
Version: 0.7.4
Check: installed package size
Result: NOTE
installed size is 18.0Mb
sub-directories of 1Mb or more:
extdata 17.7Mb
Flavors: r-oldrel-macos-arm64, r-oldrel-macos-x86_64, r-oldrel-windows-x86_64