CRAN Package Check Results for Package coronavirus

Last updated on 2025-10-11 13:49:37 CEST.

Flavor Version Tinstall Tcheck Ttotal Status Flags
r-devel-linux-x86_64-debian-clang 0.4.1 12.37 47.80 60.17 NOTE
r-devel-linux-x86_64-debian-gcc 0.4.1 8.96 34.45 43.41 NOTE
r-devel-linux-x86_64-fedora-clang 0.4.1 71.24 NOTE
r-devel-linux-x86_64-fedora-gcc 0.4.1 99.78 NOTE
r-devel-windows-x86_64 0.4.1 16.00 64.00 80.00 NOTE
r-patched-linux-x86_64 0.4.1 15.01 44.73 59.74 NOTE
r-release-linux-x86_64 0.4.1 11.88 45.04 56.92 NOTE
r-release-macos-arm64 0.4.1 35.00 NOTE
r-release-macos-x86_64 0.4.1 79.00 NOTE
r-release-windows-x86_64 0.4.1 17.00 63.00 80.00 NOTE
r-oldrel-macos-arm64 0.4.1 38.00 OK
r-oldrel-macos-x86_64 0.4.1 60.00 OK
r-oldrel-windows-x86_64 0.4.1 21.00 76.00 97.00 OK

Check Details

Version: 0.4.1
Check: DESCRIPTION meta-information
Result: NOTE Missing dependency on R >= 4.1.0 because package code uses the pipe |> or function shorthand \(...) syntax added in R 4.1.0. File(s) using such syntax: ‘refresh_coronvirus.R’ Flavors: r-devel-linux-x86_64-debian-clang, r-devel-linux-x86_64-debian-gcc, r-devel-linux-x86_64-fedora-clang, r-devel-linux-x86_64-fedora-gcc, r-devel-windows-x86_64, r-patched-linux-x86_64, r-release-linux-x86_64, r-release-macos-arm64, r-release-macos-x86_64, r-release-windows-x86_64

Version: 0.4.1
Check: dependencies in R code
Result: NOTE Namespace in Imports field not imported from: ‘devtools’ All declared Imports should be used. Flavors: r-devel-linux-x86_64-fedora-clang, r-devel-linux-x86_64-fedora-gcc