Last updated on 2025-10-20 23:50:03 CEST.
Flavor | Version | Tinstall | Tcheck | Ttotal | Status | Flags |
---|---|---|---|---|---|---|
r-devel-linux-x86_64-debian-clang | 0.9.5 | 37.69 | 27.98 | 65.67 | NOTE | |
r-devel-linux-x86_64-debian-gcc | 0.9.5 | 25.42 | 22.51 | 47.93 | NOTE | |
r-devel-linux-x86_64-fedora-clang | 0.9.5 | 94.76 | OK | |||
r-devel-linux-x86_64-fedora-gcc | 0.9.5 | 105.69 | OK | |||
r-devel-windows-x86_64 | 0.9.5 | 45.00 | 62.00 | 107.00 | NOTE | |
r-patched-linux-x86_64 | 0.9.5 | 38.19 | 25.82 | 64.01 | NOTE | |
r-release-linux-x86_64 | 0.9.5 | 38.35 | 25.55 | 63.90 | NOTE | |
r-release-macos-arm64 | 0.9.5 | 32.00 | OK | |||
r-release-macos-x86_64 | 0.9.5 | 44.00 | OK | |||
r-release-windows-x86_64 | 0.9.5 | 43.00 | 63.00 | 106.00 | NOTE | |
r-oldrel-macos-arm64 | 0.9.5 | 32.00 | OK | |||
r-oldrel-macos-x86_64 | 0.9.5 | 39.00 | OK | |||
r-oldrel-windows-x86_64 | 0.9.5 | 43.00 | 76.00 | 119.00 | OK |
Version: 0.9.5
Check: Rd cross-references
Result: NOTE
Found the following Rd file(s) with Rd \link{} targets missing package
anchors:
CoreCollection.Rd: R6Class
dot-CoreCollectionClass.Rd: R6Class
Please provide package anchors for all Rd \link{} targets not in the
package itself and the base packages.
Flavors: r-devel-linux-x86_64-debian-clang, r-devel-linux-x86_64-debian-gcc, r-devel-windows-x86_64, r-patched-linux-x86_64, r-release-linux-x86_64, r-release-windows-x86_64
Version: 0.9.5
Check: HTML version of manual
Result: NOTE
Found the following HTML validation problems:
dot-CoreCollectionClass.html:209:1 (dot-CoreCollectionClass.Rd:116): Warning: missing </ul> before </div>
dot-CoreCollectionClass.html:92:1 (dot-CoreCollectionClass.Rd:42): Warning: <h5> anchor "Usage" already defined
dot-CoreCollectionClass.html:106:1 (dot-CoreCollectionClass.Rd:51): Warning: <h5> anchor "Usage" already defined
dot-CoreCollectionClass.html:128:1 (dot-CoreCollectionClass.Rd:68): Warning: <h5> anchor "Usage" already defined
dot-CoreCollectionClass.html:142:1 (dot-CoreCollectionClass.Rd:77): Warning: <h5> anchor "Usage" already defined
dot-CoreCollectionClass.html:156:1 (dot-CoreCollectionClass.Rd:86): Warning: <h5> anchor "Usage" already defined
dot-CoreCollectionClass.html:170:1 (dot-CoreCollectionClass.Rd:95): Warning: <h5> anchor "Usage" already defined
dot-CoreCollectionClass.html:186:1 (dot-CoreCollectionClass.Rd:105): Warning: <h5> anchor "Usage" already defined
Flavor: r-devel-linux-x86_64-debian-gcc