CRAN Package Check Results for Package corclass

Last updated on 2025-07-17 19:51:35 CEST.

Flavor Version Tinstall Tcheck Ttotal Status Flags
r-devel-linux-x86_64-debian-clang 0.2.1 2.80 29.50 32.30 NOTE
r-devel-linux-x86_64-debian-gcc 0.2.1 2.03 23.04 25.07 NOTE
r-devel-linux-x86_64-fedora-clang 0.2.1 47.22 OK
r-devel-linux-x86_64-fedora-gcc 0.2.1 47.20 OK
r-devel-windows-x86_64 0.2.1 4.00 49.00 53.00 OK
r-patched-linux-x86_64 0.2.1 2.84 27.68 30.52 OK
r-release-linux-x86_64 0.2.1 2.78 27.85 30.63 OK
r-release-macos-arm64 0.2.1 24.00 OK
r-release-macos-x86_64 0.2.1 32.00 OK
r-release-windows-x86_64 0.2.1 4.00 50.00 54.00 OK
r-oldrel-macos-arm64 0.2.1 20.00 OK
r-oldrel-macos-x86_64 0.2.1 33.00 OK
r-oldrel-windows-x86_64 0.2.1 5.00 58.00 63.00 OK

Check Details

Version: 0.2.1
Check: CRAN incoming feasibility
Result: NOTE Maintainer: ‘Andrei Boutyline <aboutyl@umich.edu>’ No Authors@R field in DESCRIPTION. Please add one, modifying Authors@R: person(given = "Andrei", family = "Boutyline", role = c("aut", "cre"), email = "aboutyl@umich.edu") as necessary. Flavors: r-devel-linux-x86_64-debian-clang, r-devel-linux-x86_64-debian-gcc