Last updated on 2025-10-31 14:49:38 CET.
| Flavor | Version | Tinstall | Tcheck | Ttotal | Status | Flags | 
|---|---|---|---|---|---|---|
| r-devel-linux-x86_64-debian-clang | 0.5 | 1.80 | 25.89 | 27.69 | NOTE | |
| r-devel-linux-x86_64-debian-gcc | 0.5 | 1.37 | 19.87 | 21.24 | NOTE | |
| r-devel-linux-x86_64-fedora-clang | 0.5 | 39.35 | OK | |||
| r-devel-linux-x86_64-fedora-gcc | 0.5 | 40.54 | OK | |||
| r-devel-windows-x86_64 | 0.5 | 3.00 | 50.00 | 53.00 | OK | |
| r-patched-linux-x86_64 | 0.5 | 2.05 | 25.60 | 27.65 | OK | |
| r-release-linux-x86_64 | 0.5 | 1.79 | 25.69 | 27.48 | OK | |
| r-release-macos-arm64 | 0.5 | 1.00 | 21.00 | 22.00 | OK | |
| r-release-macos-x86_64 | 0.5 | 3.00 | 47.00 | 50.00 | OK | |
| r-release-windows-x86_64 | 0.5 | 2.00 | 57.00 | 59.00 | OK | |
| r-oldrel-macos-arm64 | 0.5 | 1.00 | 24.00 | 25.00 | OK | |
| r-oldrel-macos-x86_64 | 0.5 | 2.00 | 42.00 | 44.00 | OK | |
| r-oldrel-windows-x86_64 | 0.5 | 3.00 | 51.00 | 54.00 | OK | 
Version: 0.5
Check: CRAN incoming feasibility
Result: NOTE
  Maintainer: ‘MA Jian <majian03@gmail.com>’
  
  Found the following \keyword or \concept entries
  which likely give several index terms:
    File ‘construct_empirical_copula.Rd’:
      \keyword{empirical copula; rank}
    File ‘entknn.Rd’:
      \keyword{entropy; kNN}
Flavors: r-devel-linux-x86_64-debian-clang, r-devel-linux-x86_64-debian-gcc