CRAN Package Check Results for Package copent

Last updated on 2025-11-23 03:48:39 CET.

Flavor Version Tinstall Tcheck Ttotal Status Flags
r-devel-linux-x86_64-debian-clang 0.5 1.80 26.62 28.42 NOTE
r-devel-linux-x86_64-debian-gcc 0.5 1.48 20.91 22.39 NOTE
r-devel-linux-x86_64-fedora-clang 0.5 40.64 OK
r-devel-windows-x86_64 0.5 4.00 51.00 55.00 OK
r-patched-linux-x86_64 0.5 2.02 25.37 27.39 OK
r-release-linux-x86_64 0.5 1.67 25.45 27.12 OK
r-release-macos-arm64 0.5 OK
r-release-macos-x86_64 0.5 3.00 47.00 50.00 OK
r-release-windows-x86_64 0.5 3.00 50.00 53.00 OK
r-oldrel-macos-arm64 0.5 OK
r-oldrel-macos-x86_64 0.5 2.00 42.00 44.00 OK
r-oldrel-windows-x86_64 0.5 3.00 51.00 54.00 OK

Check Details

Version: 0.5
Check: CRAN incoming feasibility
Result: NOTE Maintainer: ‘MA Jian <majian03@gmail.com>’ Found the following \keyword or \concept entries which likely give several index terms: File ‘construct_empirical_copula.Rd’: \keyword{empirical copula; rank} File ‘entknn.Rd’: \keyword{entropy; kNN} Flavors: r-devel-linux-x86_64-debian-clang, r-devel-linux-x86_64-debian-gcc