Last updated on 2025-10-31 14:49:38 CET.
| Flavor | Version | Tinstall | Tcheck | Ttotal | Status | Flags | 
|---|---|---|---|---|---|---|
| r-devel-linux-x86_64-debian-clang | 0.1.1 | 73.21 | 26.40 | 99.61 | NOTE | |
| r-devel-linux-x86_64-debian-gcc | 0.1.1 | 59.10 | 26.78 | 85.88 | NOTE | |
| r-devel-linux-x86_64-fedora-clang | 0.1.1 | 105.00 | 55.31 | 160.31 | NOTE | |
| r-devel-linux-x86_64-fedora-gcc | 0.1.1 | 141.00 | 43.43 | 184.43 | NOTE | |
| r-devel-windows-x86_64 | 0.1.1 | 75.00 | 68.00 | 143.00 | NOTE | |
| r-patched-linux-x86_64 | 0.1.1 | 82.04 | 32.87 | 114.91 | NOTE | |
| r-release-linux-x86_64 | 0.1.1 | 77.23 | 32.50 | 109.73 | NOTE | |
| r-release-macos-arm64 | 0.1.1 | 27.00 | 18.00 | 45.00 | NOTE | |
| r-release-macos-x86_64 | 0.1.1 | 56.00 | 30.00 | 86.00 | NOTE | |
| r-release-windows-x86_64 | 0.1.1 | 77.00 | 72.00 | 149.00 | NOTE | |
| r-oldrel-macos-arm64 | 0.1.1 | 24.00 | 20.00 | 44.00 | NOTE | |
| r-oldrel-macos-x86_64 | 0.1.1 | 39.00 | 24.00 | 63.00 | NOTE | |
| r-oldrel-windows-x86_64 | 0.1.1 | 88.00 | 82.00 | 170.00 | NOTE | 
Version: 0.1.1
Check: CRAN incoming feasibility
Result: NOTE
  Maintainer: ‘Samuel W.K. Wong <samuel.wong@uwaterloo.ca>’
  
  No Authors@R field in DESCRIPTION.
  Please add one, modifying
    Authors@R: c(person(given = c("Samuel", "W.K."),
                        family = "Wong",
                        role = c("aut", "cre"),
                        email = "samuel.wong@uwaterloo.ca"),
                 person(given = "Dylan",
                        family = "Shi",
                        role = "aut"),
                 person(given = "Megan",
                        family = "Hazlett",
                        role = "aut"),
                 person(given = "Jasmine",
                        family = "Cheng",
                        role = "aut"))
  as necessary.
Flavors: r-devel-linux-x86_64-debian-clang, r-devel-linux-x86_64-debian-gcc
Version: 0.1.1
Check: Rd files
Result: NOTE
  checkRd: (-1) atomdeps.Rd:9: Lost braces
       9 |  \item{"tangle"}: {Dihedral angle defined by atoms A-B-C-D as described below. \code{NA}'s represent the free side chain dihedral angles \emph{chi} for that amino acid.}
         |                   ^
  checkRd: (-1) atomdeps.Rd:10: Lost braces; missing escapes or markup?
      10 |  \item{"names"}: {The component atoms of the amino acid side chain.  Represents atom D in the dihedral.}
         |                  ^
  checkRd: (-1) atomdeps.Rd:11: Lost braces; missing escapes or markup?
      11 |  \item{"matx"}: {The names of atoms A,B,C in the dihedral, with rows corresponding to the atoms in "names".}
         |                 ^
  checkRd: (-1) atomdeps.Rd:12: Lost braces; missing escapes or markup?
      12 |  \item{"bangle"}: {Planar bond angle formed between B-C-D}
         |                   ^
  checkRd: (-1) atomdeps.Rd:13: Lost braces; missing escapes or markup?
      13 |  \item{"blength"}: {Bond length between C-D}
         |                    ^
Flavors: r-devel-linux-x86_64-debian-clang, r-devel-linux-x86_64-debian-gcc, r-devel-linux-x86_64-fedora-clang, r-devel-linux-x86_64-fedora-gcc, r-devel-windows-x86_64, r-patched-linux-x86_64, r-release-linux-x86_64, r-release-macos-arm64, r-release-macos-x86_64, r-release-windows-x86_64, r-oldrel-macos-arm64, r-oldrel-macos-x86_64, r-oldrel-windows-x86_64
Version: 0.1.1
Check: installed package size
Result: NOTE
    installed size is 35.0Mb
    sub-directories of 1Mb or more:
      R      1.5Mb
      libs  33.4Mb
Flavors: r-oldrel-macos-arm64, r-oldrel-macos-x86_64