CRAN Package Check Results for Package combinIT

Last updated on 2025-10-21 23:50:50 CEST.

Flavor Version Tinstall Tcheck Ttotal Status Flags
r-devel-linux-x86_64-debian-clang 2.0.0 32.07 50.79 82.86 WARN
r-devel-linux-x86_64-debian-gcc 2.0.1 22.68 39.62 62.30 OK
r-devel-linux-x86_64-fedora-clang 2.0.1 49.00 83.52 132.52 OK
r-devel-linux-x86_64-fedora-gcc 2.0.1 152.00 -4.19 147.81 OK
r-devel-windows-x86_64 2.0.0 37.00 79.00 116.00 NOTE
r-patched-linux-x86_64 2.0.0 31.86 52.65 84.51 NOTE
r-release-linux-x86_64 2.0.0 35.59 49.94 85.53 NOTE
r-release-macos-arm64 2.0.1 15.00 23.00 38.00 OK
r-release-macos-x86_64 2.0.1 28.00 69.00 97.00 OK
r-release-windows-x86_64 2.0.1 47.00 83.00 130.00 OK
r-oldrel-macos-arm64 2.0.1 18.00 29.00 47.00 OK
r-oldrel-macos-x86_64 2.0.1 32.00 53.00 85.00 OK
r-oldrel-windows-x86_64 2.0.1 46.00 101.00 147.00 OK

Check Details

Version: 2.0.0
Check: whether package can be installed
Result: WARN Found the following significant warnings: /home/hornik/tmp/R.check/r-devel-clang/Work/build/Packages/RcppArmadillo/include/RcppArmadillo/version/arma.h:66:17: warning: Using fallback compilation with Armadillo 14.6.3. Please consider defining -DARMA_USE_CURRENT and also removing C++11 compilation directive. See GitHub issue #475 for more. [-W#pragma-messages] See ‘/home/hornik/tmp/R.check/r-devel-clang/Work/PKGS/combinIT.Rcheck/00install.out’ for details. * used C++ compiler: ‘Debian clang version 19.1.7 (7)’ Flavor: r-devel-linux-x86_64-debian-clang

Version: 2.0.0
Check: C++ specification
Result: NOTE Specified C++11: please drop specification unless essential Flavors: r-devel-linux-x86_64-debian-clang, r-devel-windows-x86_64, r-patched-linux-x86_64, r-release-linux-x86_64