CRAN Package Check Results for Package colourlovers

Last updated on 2025-11-16 18:49:26 CET.

Flavor Version Tinstall Tcheck Ttotal Status Flags
r-devel-linux-x86_64-debian-clang 0.3.6 2.88 39.53 42.41 NOTE
r-devel-linux-x86_64-debian-gcc 0.3.6 2.39 30.14 32.53 NOTE
r-devel-linux-x86_64-fedora-clang 0.3.6 15.00 52.51 67.51 OK
r-devel-linux-x86_64-fedora-gcc 0.3.6 14.00 52.53 66.53 OK
r-devel-windows-x86_64 0.3.6 6.00 55.00 61.00 OK
r-patched-linux-x86_64 0.3.6 3.32 36.77 40.09 OK
r-release-linux-x86_64 0.3.6 3.40 37.06 40.46 OK
r-release-macos-arm64 0.3.6 2.00 26.00 28.00 OK
r-release-macos-x86_64 0.3.6 3.00 37.00 40.00 OK
r-release-windows-x86_64 0.3.6 5.00 55.00 60.00 OK
r-oldrel-macos-arm64 0.3.6 1.00 20.00 21.00 OK
r-oldrel-macos-x86_64 0.3.6 2.00 31.00 33.00 OK
r-oldrel-windows-x86_64 0.3.6 6.00 64.00 70.00 OK

Check Details

Version: 0.3.6
Check: CRAN incoming feasibility
Result: NOTE Maintainer: ‘Andrew Heiss <andrew@andrewheiss.com>’ Package CITATION file contains call(s) to old-style personList() or as.personList(). Please use c() on person objects instead. Package CITATION file contains call(s) to old-style citEntry(). Please use bibentry() instead. Flavors: r-devel-linux-x86_64-debian-clang, r-devel-linux-x86_64-debian-gcc