Last updated on 2025-10-21 23:50:50 CEST.
Flavor | Version | Tinstall | Tcheck | Ttotal | Status | Flags |
---|---|---|---|---|---|---|
r-devel-linux-x86_64-debian-clang | 0.0.4 | 7.52 | 73.30 | 80.82 | NOTE | |
r-devel-linux-x86_64-debian-gcc | 0.0.4 | 6.18 | 55.54 | 61.72 | NOTE | |
r-devel-linux-x86_64-fedora-clang | 0.0.4 | 92.01 | OK | |||
r-devel-linux-x86_64-fedora-gcc | 0.0.4 | 16.00 | 118.49 | 134.49 | OK | |
r-devel-windows-x86_64 | 0.0.4 | 10.00 | 131.00 | 141.00 | OK | |
r-patched-linux-x86_64 | 0.0.4 | 8.14 | 69.21 | 77.35 | OK | |
r-release-linux-x86_64 | 0.0.4 | 8.12 | 69.50 | 77.62 | OK | |
r-release-macos-arm64 | 0.0.4 | 4.00 | 45.00 | 49.00 | OK | |
r-release-macos-x86_64 | 0.0.4 | 8.00 | 75.00 | 83.00 | OK | |
r-release-windows-x86_64 | 0.0.4 | 10.00 | 178.00 | 188.00 | OK | |
r-oldrel-macos-arm64 | 0.0.4 | 4.00 | 40.00 | 44.00 | OK | |
r-oldrel-macos-x86_64 | 0.0.4 | 6.00 | 60.00 | 66.00 | OK | |
r-oldrel-windows-x86_64 | 0.0.4 | 15.00 | 124.00 | 139.00 | OK |
Version: 0.0.4
Check: CRAN incoming feasibility
Result: NOTE
Maintainer: ‘Elliott Gordon-Rodriguez <eg2912@columbia.edu>’
Package CITATION file contains call(s) to old-style personList() or
as.personList(). Please use c() on person objects instead.
Package CITATION file contains call(s) to old-style citEntry(). Please
use bibentry() instead.
Flavors: r-devel-linux-x86_64-debian-clang, r-devel-linux-x86_64-debian-gcc
Version: 0.0.4
Check: HTML version of manual
Result: NOTE
Found the following HTML validation problems:
plot.codacore.html:57:1 (plot.codacore.Rd:14): Warning: missing </ul> before </div>
plotROC.html:46:1 (plotROC.Rd:10): Warning: missing </ul> before </div>
predict.codacore.html:70:1 (predict.codacore.Rd:25): Warning: missing </ul> before </div>
print.codacore.html:51:1 (print.codacore.Rd:12): Warning: missing </ul> before </div>
Flavors: r-devel-linux-x86_64-debian-clang, r-devel-linux-x86_64-debian-gcc