CRAN Package Check Results for Package cncaGUI

Last updated on 2025-07-16 23:49:12 CEST.

Flavor Version Tinstall Tcheck Ttotal Status Flags
r-devel-linux-x86_64-debian-clang 1.1 11.53 58.24 69.77 NOTE
r-devel-linux-x86_64-debian-gcc 1.1 9.02 52.81 61.83 NOTE
r-devel-linux-x86_64-fedora-clang 1.1 111.35 OK
r-devel-linux-x86_64-fedora-gcc 1.1 108.31 OK
r-devel-windows-x86_64 1.1 9.00 64.00 73.00 OK
r-patched-linux-x86_64 1.1 11.90 56.23 68.13 OK
r-release-linux-x86_64 1.1 11.43 53.74 65.17 OK
r-release-macos-arm64 1.1 60.00 OK
r-release-macos-x86_64 1.1 161.00 OK
r-release-windows-x86_64 1.1 12.00 63.00 75.00 OK
r-oldrel-macos-arm64 1.1 52.00 OK
r-oldrel-macos-x86_64 1.1 60.00 OK
r-oldrel-windows-x86_64 1.1 14.00 75.00 89.00 OK

Check Details

Version: 1.1
Check: CRAN incoming feasibility
Result: NOTE Maintainer: ‘Ana Belen Nieto Librero <ananieto@usal.es>’ No Authors@R field in DESCRIPTION. Please add one, modifying Authors@R: c(person(given = c("Ana", "Belen", "Nieto"), family = "Librero", role = c("aut", "cre"), email = "ananieto@usal.es"), person(given = "Priscila", family = "Willems", role = "aut", email = "pwillems@bariloche.inta.gov.ar"), person(given = c("Purificacion", "Galindo"), family = "Villardon", role = "aut", email = "pgalindo@usal.es")) as necessary. Flavors: r-devel-linux-x86_64-debian-clang, r-devel-linux-x86_64-debian-gcc