Last updated on 2025-10-23 23:49:25 CEST.
| Flavor | Version | Tinstall | Tcheck | Ttotal | Status | Flags |
|---|---|---|---|---|---|---|
| r-devel-linux-x86_64-debian-clang | 0.4-2 | 8.01 | 334.50 | 342.51 | NOTE | |
| r-devel-linux-x86_64-debian-gcc | 0.4-2 | 5.13 | 186.36 | 191.49 | NOTE | |
| r-devel-linux-x86_64-fedora-clang | 0.4-2 | 11.00 | 396.04 | 407.04 | OK | |
| r-devel-linux-x86_64-fedora-gcc | 0.4-2 | 14.00 | 524.90 | 538.90 | OK | |
| r-devel-windows-x86_64 | 0.4-2 | 9.00 | 271.00 | 280.00 | OK | |
| r-patched-linux-x86_64 | 0.4-2 | 6.49 | 315.40 | 321.89 | OK | |
| r-release-linux-x86_64 | 0.4-2 | 6.20 | 316.07 | 322.27 | OK | |
| r-release-macos-arm64 | 0.4-2 | 4.00 | 113.00 | 117.00 | OK | |
| r-release-macos-x86_64 | 0.4-2 | 6.00 | 255.00 | 261.00 | OK | |
| r-release-windows-x86_64 | 0.4-2 | 9.00 | 278.00 | 287.00 | OK | |
| r-oldrel-macos-arm64 | 0.4-2 | 3.00 | 118.00 | 121.00 | OK | |
| r-oldrel-macos-x86_64 | 0.4-2 | 8.00 | 350.00 | 358.00 | OK | |
| r-oldrel-windows-x86_64 | 0.4-2 | 11.00 | 418.00 | 429.00 | OK |
Version: 0.4-2
Check: CRAN incoming feasibility
Result: NOTE
Maintainer: ‘Gero Szepannek <gero.szepannek@web.de>’
No Authors@R field in DESCRIPTION.
Please add one, modifying
Authors@R: c(person(given = "Gero",
family = "Szepannek",
role = c("aut", "cre"),
email = "gero.szepannek@web.de"),
person(given = "Rabea",
family = "Aschenbruck",
role = "aut"))
as necessary.
Flavors: r-devel-linux-x86_64-debian-clang, r-devel-linux-x86_64-debian-gcc