Last updated on 2025-10-31 20:48:35 CET.
| Flavor | Version | Tinstall | Tcheck | Ttotal | Status | Flags |
|---|---|---|---|---|---|---|
| r-devel-linux-x86_64-debian-clang | 0.2.3 | 6.09 | 131.22 | 137.31 | OK | |
| r-devel-linux-x86_64-debian-gcc | 0.2.3 | 4.05 | 99.08 | 103.13 | OK | |
| r-devel-linux-x86_64-fedora-clang | 0.2.3 | 25.00 | 198.62 | 223.62 | OK | |
| r-devel-linux-x86_64-fedora-gcc | 0.2.3 | 43.00 | 202.38 | 245.38 | OK | |
| r-devel-windows-x86_64 | 0.2.3 | 9.00 | 132.00 | 141.00 | OK | |
| r-patched-linux-x86_64 | 0.2.3 | 0.36 | 2.11 | 2.47 | ERROR | |
| r-release-linux-x86_64 | 0.2.3 | 5.16 | 127.97 | 133.13 | OK | |
| r-release-macos-arm64 | 0.2.3 | 5.00 | ERROR | |||
| r-release-macos-x86_64 | 0.2.3 | 6.00 | ERROR | |||
| r-release-windows-x86_64 | 0.2.3 | 10.00 | 133.00 | 143.00 | OK | |
| r-oldrel-macos-arm64 | 0.2.3 | 10.00 | ERROR | |||
| r-oldrel-macos-x86_64 | 0.2.3 | 11.00 | ERROR | |||
| r-oldrel-windows-x86_64 | 0.2.3 | 11.00 | 209.00 | 220.00 | OK |
Version: 0.2.3
Check: package dependencies
Result: ERROR
Packages required but not available:
'ChIPseeker', 'DESeq2', 'TxDb.Hsapiens.UCSC.hg38.knownGene',
'TxDb.Hsapiens.UCSC.hg19.knownGene',
'TxDb.Mmusculus.UCSC.mm10.knownGene'
See section ‘The DESCRIPTION file’ in the ‘Writing R Extensions’
manual.
Flavor: r-patched-linux-x86_64
Version: 0.2.3
Check: package dependencies
Result: ERROR
Packages required but not available:
'ChIPseeker', 'TxDb.Hsapiens.UCSC.hg38.knownGene',
'TxDb.Hsapiens.UCSC.hg19.knownGene',
'TxDb.Mmusculus.UCSC.mm10.knownGene'
See section ‘The DESCRIPTION file’ in the ‘Writing R Extensions’
manual.
Flavors: r-release-macos-arm64, r-release-macos-x86_64, r-oldrel-macos-x86_64
Version: 0.2.3
Check: package dependencies
Result: ERROR
Packages required but not available:
'TxDb.Hsapiens.UCSC.hg38.knownGene',
'TxDb.Hsapiens.UCSC.hg19.knownGene',
'TxDb.Mmusculus.UCSC.mm10.knownGene'
See section ‘The DESCRIPTION file’ in the ‘Writing R Extensions’
manual.
Flavor: r-oldrel-macos-arm64