Last updated on 2025-11-20 02:49:10 CET.
| Flavor | Version | Tinstall | Tcheck | Ttotal | Status | Flags |
|---|---|---|---|---|---|---|
| r-devel-linux-x86_64-debian-clang | 0.17.4 | 20.76 | 173.78 | 194.54 | OK | |
| r-devel-linux-x86_64-debian-gcc | 0.17.4 | 13.64 | 111.62 | 125.26 | OK | |
| r-devel-linux-x86_64-fedora-clang | 0.17.4 | 43.00 | 263.88 | 306.88 | OK | |
| r-devel-linux-x86_64-fedora-gcc | 0.17.4 | 38.00 | 257.22 | 295.22 | OK | |
| r-devel-windows-x86_64 | 0.17.4 | 26.00 | 172.00 | 198.00 | OK | |
| r-patched-linux-x86_64 | 0.17.4 | 23.56 | 156.51 | 180.07 | OK | |
| r-release-linux-x86_64 | 0.17.4 | 19.77 | 157.15 | 176.92 | OK | |
| r-release-macos-arm64 | 0.17.4 | OK | ||||
| r-release-macos-x86_64 | 0.17.4 | 17.00 | 190.00 | 207.00 | OK | |
| r-release-windows-x86_64 | 0.17.4 | 27.00 | 178.00 | 205.00 | OK | |
| r-oldrel-macos-arm64 | 0.17.4 | NOTE | ||||
| r-oldrel-macos-x86_64 | 0.17.4 | 28.00 | 187.00 | 215.00 | NOTE | |
| r-oldrel-windows-x86_64 | 0.17.4 | 32.00 | 216.00 | 248.00 | NOTE |
Version: 0.17.4
Check: installed package size
Result: NOTE
installed size is 8.2Mb
sub-directories of 1Mb or more:
R 2.8Mb
extdata 4.3Mb
Flavors: r-oldrel-macos-arm64, r-oldrel-macos-x86_64, r-oldrel-windows-x86_64