Last updated on 2025-10-31 01:48:53 CET.
| Flavor | Version | Tinstall | Tcheck | Ttotal | Status | Flags | 
|---|---|---|---|---|---|---|
| r-devel-linux-x86_64-debian-clang | 0.95.4 | 6.43 | 62.50 | 68.93 | NOTE | |
| r-devel-linux-x86_64-debian-gcc | 0.95.4 | 4.68 | 45.60 | 50.28 | NOTE | |
| r-devel-linux-x86_64-fedora-clang | 0.95.4 | 12.00 | 94.27 | 106.27 | NOTE | |
| r-devel-linux-x86_64-fedora-gcc | 0.95.4 | 14.00 | 89.17 | 103.17 | NOTE | |
| r-devel-windows-x86_64 | 0.95.4 | 7.00 | 70.00 | 77.00 | NOTE | |
| r-patched-linux-x86_64 | 0.95.4 | 5.79 | 60.25 | 66.04 | NOTE | |
| r-release-linux-x86_64 | 0.95.4 | 6.22 | 59.80 | 66.02 | NOTE | |
| r-release-macos-arm64 | 0.95.4 | 4.00 | 33.00 | 37.00 | NOTE | |
| r-release-macos-x86_64 | 0.95.4 | 7.00 | 56.00 | 63.00 | NOTE | |
| r-release-windows-x86_64 | 0.95.4 | 7.00 | 74.00 | 81.00 | NOTE | |
| r-oldrel-macos-arm64 | 0.95.4 | 3.00 | 29.00 | 32.00 | NOTE | |
| r-oldrel-macos-x86_64 | 0.95.4 | 4.00 | 46.00 | 50.00 | NOTE | |
| r-oldrel-windows-x86_64 | 0.95.4 | 9.00 | 87.00 | 96.00 | NOTE | 
Version: 0.95.4
Check: CRAN incoming feasibility
Result: NOTE
  Maintainer: ‘Jonathan Rosenblatt <johnros@bgu.ac.il>’
  
  No Authors@R field in DESCRIPTION.
  Please add one, modifying
    Authors@R: person(given = "Jonathan",
                      family = "Rosenblatt",
                      role = c("aut", "cre"),
                      email = "johnros@bgu.ac.il")
  as necessary.
Flavors: r-devel-linux-x86_64-debian-clang, r-devel-linux-x86_64-debian-gcc
Version: 0.95.4
Check: Rd files
Result: NOTE
  checkRd: (-1) Estimate.b.k.Rd:23: Lost braces in \itemize; meant \describe ?
  checkRd: (-1) Estimate.b.k.Rd:24: Lost braces in \itemize; meant \describe ?
  checkRd: (-1) Estimate.b.k.Rd:25: Lost braces in \itemize; meant \describe ?
  checkRd: (-1) Estimate.b.k.Rd:26: Lost braces in \itemize; meant \describe ?
  checkRd: (-1) Estimate.b.k.Rd:27: Lost braces in \itemize; meant \describe ?
  checkRd: (-1) Estimate.b.k.Rd:28: Lost braces in \itemize; meant \describe ?
  checkRd: (-1) Estimate.b.k.Rd:29: Lost braces in \itemize; meant \describe ?
  checkRd: (-1) initializeRdsObject.Rd:28: Lost braces in \enumerate; meant \describe ?
  checkRd: (-1) initializeRdsObject.Rd:29: Lost braces in \enumerate; meant \describe ?
  checkRd: (-1) initializeRdsObject.Rd:30: Lost braces in \enumerate; meant \describe ?
  checkRd: (-1) initializeRdsObject.Rd:31: Lost braces in \enumerate; meant \describe ?
  checkRd: (-1) initializeRdsObject.Rd:32: Lost braces in \enumerate; meant \describe ?
  checkRd: (-1) initializeRdsObject.Rd:33: Lost braces in \enumerate; meant \describe ?
  checkRd: (-1) initializeRdsObject.Rd:46: Lost braces in \itemize; \value handles \item{}{} directly
  checkRd: (-1) initializeRdsObject.Rd:47-50: Lost braces in \itemize; \value handles \item{}{} directly
  checkRd: (-1) initializeRdsObject.Rd:48: Lost braces
      48 | \item{I.t}{An integer of the count of the sampling individuals at the moments of recruitment.}
         |      ^
  checkRd: (-1) initializeRdsObject.Rd:48: Lost braces
      48 | \item{I.t}{An integer of the count of the sampling individuals at the moments of recruitment.}
         |           ^
  checkRd: (-1) initializeRdsObject.Rd:49: Lost braces
      49 | \item{degree.in}{An integer with the degree of an added recruiter at the moments of recruitment.}
         |      ^
  checkRd: (-1) initializeRdsObject.Rd:49: Lost braces
      49 | \item{degree.in}{An integer with the degree of an added recruiter at the moments of recruitment.}
         |                 ^
  checkRd: (-1) initializeRdsObject.Rd:50: Lost braces
      50 | \item{degree.out}{An integer with the degree of a removed recruiter at the moment of recruitment.}}
         |      ^
  checkRd: (-1) initializeRdsObject.Rd:50: Lost braces
      50 | \item{degree.out}{An integer with the degree of a removed recruiter at the moment of recruitment.}}
         |                  ^
  checkRd: (-1) initializeRdsObject.Rd:51: Lost braces in \itemize; \value handles \item{}{} directly
  checkRd: (-1) initializeRdsObject.Rd:52: Lost braces in \itemize; \value handles \item{}{} directly
Flavors: r-devel-linux-x86_64-debian-clang, r-devel-linux-x86_64-debian-gcc, r-devel-linux-x86_64-fedora-clang, r-devel-linux-x86_64-fedora-gcc, r-devel-windows-x86_64, r-patched-linux-x86_64, r-release-linux-x86_64, r-release-macos-arm64, r-release-macos-x86_64, r-release-windows-x86_64, r-oldrel-macos-arm64, r-oldrel-macos-x86_64, r-oldrel-windows-x86_64