CRAN Package Check Results for Package chopthin

Last updated on 2025-07-17 05:49:44 CEST.

Flavor Version Tinstall Tcheck Ttotal Status Flags
r-devel-linux-x86_64-debian-clang 0.2.2 11.37 24.36 35.73 NOTE
r-devel-linux-x86_64-debian-gcc 0.2.2 7.92 19.99 27.91 NOTE
r-devel-linux-x86_64-fedora-clang 0.2.2 60.25 OK
r-devel-linux-x86_64-fedora-gcc 0.2.2 56.54 OK
r-devel-windows-x86_64 0.2.2 14.00 64.00 78.00 OK
r-patched-linux-x86_64 0.2.2 10.39 23.26 33.65 OK
r-release-linux-x86_64 0.2.2 11.41 22.92 34.33 OK
r-release-macos-arm64 0.2.2 22.00 OK
r-release-macos-x86_64 0.2.2 37.00 OK
r-release-windows-x86_64 0.2.2 14.00 57.00 71.00 OK
r-oldrel-macos-arm64 0.2.2 27.00 OK
r-oldrel-macos-x86_64 0.2.2 33.00 OK
r-oldrel-windows-x86_64 0.2.2 14.00 69.00 83.00 OK

Check Details

Version: 0.2.2
Check: CRAN incoming feasibility
Result: NOTE Maintainer: ‘Axel Gandy <a.gandy@imperial.ac.uk>’ No Authors@R field in DESCRIPTION. Please add one, modifying Authors@R: c(person(given = "Axel", family = "Gandy", role = c("aut", "cre"), email = "a.gandy@imperial.ac.uk"), person(given = c("F.", "Din-Houn"), family = "Lau", role = "aut")) as necessary. Flavors: r-devel-linux-x86_64-debian-clang, r-devel-linux-x86_64-debian-gcc