Last updated on 2025-10-21 17:49:44 CEST.
Flavor | Version | Tinstall | Tcheck | Ttotal | Status | Flags |
---|---|---|---|---|---|---|
r-devel-linux-x86_64-debian-clang | 0.9.9 | 60.85 | 382.88 | 443.73 | NOTE | |
r-devel-linux-x86_64-debian-gcc | 0.9.9 | 45.34 | 240.79 | 286.13 | NOTE | |
r-devel-linux-x86_64-fedora-clang | 0.9.9 | 341.00 | 386.31 | 727.31 | OK | |
r-devel-linux-x86_64-fedora-gcc | 0.9.9 | 132.00 | 549.48 | 681.48 | OK | |
r-devel-windows-x86_64 | 0.9.9 | 61.00 | 351.00 | 412.00 | OK | |
r-patched-linux-x86_64 | 0.9.9 | 58.55 | 358.01 | 416.56 | OK | |
r-release-linux-x86_64 | 0.9.9 | 59.50 | 357.60 | 417.10 | OK | |
r-release-macos-arm64 | 0.9.9 | 33.00 | 176.00 | 209.00 | OK | |
r-release-macos-x86_64 | 0.9.9 | 101.00 | 566.00 | 667.00 | OK | |
r-release-windows-x86_64 | 0.9.9 | 60.00 | 354.00 | 414.00 | OK | |
r-oldrel-macos-arm64 | 0.9.9 | 35.00 | 193.00 | 228.00 | NOTE | |
r-oldrel-macos-x86_64 | 0.9.9 | 116.00 | 547.00 | 663.00 | NOTE | |
r-oldrel-windows-x86_64 | 0.9.9 | 80.00 | 500.00 | 580.00 | NOTE |
Version: 0.9.9
Check: HTML version of manual
Result: NOTE
Found the following HTML validation problems:
dot-intersect_extent.html:66:1 (dot-intersect_extent.Rd:26): Warning: missing </ul> before </div>
dot-par_screen.html:65:1 (dot-par_screen.Rd:20): Warning: missing </ul> before </div>
indexing.html:72:1 (indexing.Rd:30): Warning: missing </ul> before </div>
Flavors: r-devel-linux-x86_64-debian-clang, r-devel-linux-x86_64-debian-gcc
Version: 0.9.9
Check: installed package size
Result: NOTE
installed size is 6.9Mb
sub-directories of 1Mb or more:
data 3.0Mb
extdata 2.9Mb
Flavors: r-oldrel-macos-arm64, r-oldrel-macos-x86_64, r-oldrel-windows-x86_64