Last updated on 2025-11-23 09:50:43 CET.
| Flavor | Version | Tinstall | Tcheck | Ttotal | Status | Flags |
|---|---|---|---|---|---|---|
| r-devel-linux-x86_64-debian-clang | 1.0-2 | 14.49 | 130.73 | 145.22 | NOTE | |
| r-devel-linux-x86_64-debian-gcc | 1.0-2 | 10.01 | 92.09 | 102.10 | NOTE | |
| r-devel-linux-x86_64-fedora-clang | 1.0-2 | 100.00 | 147.56 | 247.56 | NOTE | |
| r-devel-windows-x86_64 | 1.0-2 | 19.00 | 159.00 | 178.00 | NOTE | |
| r-patched-linux-x86_64 | 1.0-2 | 17.16 | 123.03 | 140.19 | NOTE | |
| r-release-linux-x86_64 | 1.0-2 | 15.04 | 123.06 | 138.10 | NOTE | |
| r-release-macos-arm64 | 1.0-2 | NOTE | ||||
| r-release-macos-x86_64 | 1.0-2 | 15.00 | 130.00 | 145.00 | NOTE | |
| r-release-windows-x86_64 | 1.0-2 | 16.00 | 156.00 | 172.00 | NOTE | |
| r-oldrel-macos-arm64 | 1.0-2 | NOTE | ||||
| r-oldrel-macos-x86_64 | 1.0-2 | 10.00 | 92.00 | 102.00 | NOTE | |
| r-oldrel-windows-x86_64 | 1.0-2 | 22.00 | 189.00 | 211.00 | NOTE |
Version: 1.0-2
Check: CRAN incoming feasibility
Result: NOTE
Maintainer: ‘Stefan Roediger <stefan.roediger@b-tu.de>’
Package CITATION file contains call(s) to old-style citEntry(). Please
use bibentry() instead.
Flavors: r-devel-linux-x86_64-debian-clang, r-devel-linux-x86_64-debian-gcc
Version: 1.0-2
Check: Rd files
Result: NOTE
checkRd: (-1) C316.amp.Rd:28-32: Lost braces
28 | 40 x {
| ^
checkRd: (-1) C317.amp.Rd:28-32: Lost braces
28 | 40 x {
| ^
checkRd: (-1) C60.amp.Rd:63-67: Lost braces
63 | 40 x {
| ^
Flavors: r-devel-linux-x86_64-debian-clang, r-devel-linux-x86_64-debian-gcc, r-devel-linux-x86_64-fedora-clang, r-devel-windows-x86_64, r-patched-linux-x86_64, r-release-linux-x86_64, r-release-macos-arm64, r-release-macos-x86_64, r-release-windows-x86_64, r-oldrel-macos-arm64, r-oldrel-macos-x86_64, r-oldrel-windows-x86_64