CRAN Package Check Results for Package cepR

Last updated on 2025-11-20 14:51:08 CET.

Flavor Version Tinstall Tcheck Ttotal Status Flags
r-devel-linux-x86_64-debian-clang 0.1.2 3.91 34.74 38.65 OK
r-devel-linux-x86_64-debian-gcc 0.1.2 2.80 25.58 28.38 OK
r-devel-linux-x86_64-fedora-clang 0.1.2 24.00 34.63 58.63 OK
r-devel-linux-x86_64-fedora-gcc 0.1.2 52.77 OK
r-devel-windows-x86_64 0.1.2 7.00 48.00 55.00 OK
r-patched-linux-x86_64 0.1.2 3.94 31.00 34.94 OK
r-release-linux-x86_64 0.1.2 3.50 31.25 34.75 OK
r-release-macos-arm64 0.1.2 OK
r-release-macos-x86_64 0.1.2 3.00 28.00 31.00 OK
r-release-windows-x86_64 0.1.2 5.00 48.00 53.00 OK
r-oldrel-macos-arm64 0.1.2 NOTE
r-oldrel-macos-x86_64 0.1.2 3.00 26.00 29.00 NOTE
r-oldrel-windows-x86_64 0.1.2 8.00 55.00 63.00 NOTE

Check Details

Version: 0.1.2
Check: LazyData
Result: NOTE 'LazyData' is specified without a 'data' directory Flavors: r-oldrel-macos-arm64, r-oldrel-macos-x86_64, r-oldrel-windows-x86_64