CRAN Package Check Results for Package cellranger

Last updated on 2025-07-28 13:49:28 CEST.

Flavor Version Tinstall Tcheck Ttotal Status Flags
r-devel-linux-x86_64-debian-clang 1.1.0 1.65 30.51 32.16 OK
r-devel-linux-x86_64-debian-gcc 1.1.0 1.78 23.56 25.34 OK
r-devel-linux-x86_64-fedora-clang 1.1.0 49.92 OK
r-devel-linux-x86_64-fedora-gcc 1.1.0 61.35 OK
r-devel-windows-x86_64 1.1.0 4.00 61.00 65.00 OK
r-patched-linux-x86_64 1.1.0 2.63 27.24 29.87 OK
r-release-linux-x86_64 1.1.0 2.00 27.66 29.66 OK
r-release-macos-arm64 1.1.0 37.00 OK
r-release-macos-x86_64 1.1.0 53.00 OK
r-release-windows-x86_64 1.1.0 4.00 52.00 56.00 OK
r-oldrel-macos-arm64 1.1.0 25.00 NOTE
r-oldrel-macos-x86_64 1.1.0 36.00 NOTE
r-oldrel-windows-x86_64 1.1.0 6.00 66.00 72.00 NOTE

Check Details

Version: 1.1.0
Check: LazyData
Result: NOTE 'LazyData' is specified without a 'data' directory Flavors: r-oldrel-macos-arm64, r-oldrel-macos-x86_64, r-oldrel-windows-x86_64