Last updated on 2025-11-16 12:49:25 CET.
| Flavor | Version | Tinstall | Tcheck | Ttotal | Status | Flags |
|---|---|---|---|---|---|---|
| r-devel-linux-x86_64-debian-clang | 0.3.5 | 53.20 | 61.67 | 114.87 | OK | |
| r-devel-linux-x86_64-debian-gcc | 0.3.5 | 34.67 | 49.17 | 83.84 | OK | |
| r-devel-linux-x86_64-fedora-clang | 0.3.5 | 84.00 | 117.65 | 201.65 | OK | |
| r-devel-linux-x86_64-fedora-gcc | 0.3.5 | 61.00 | 140.10 | 201.10 | OK | |
| r-devel-windows-x86_64 | 0.3.5 | 65.00 | 113.00 | 178.00 | OK | |
| r-patched-linux-x86_64 | 0.3.5 | 52.58 | 61.69 | 114.27 | OK | |
| r-release-linux-x86_64 | 0.3.5 | 48.81 | 61.70 | 110.51 | OK | |
| r-release-macos-arm64 | 0.3.5 | 21.00 | 41.00 | 62.00 | OK | |
| r-release-macos-x86_64 | 0.3.5 | 38.00 | 106.00 | 144.00 | OK | |
| r-release-windows-x86_64 | 0.3.5 | 61.00 | 109.00 | 170.00 | OK | |
| r-oldrel-macos-arm64 | 0.3.5 | 22.00 | 47.00 | 69.00 | NOTE | |
| r-oldrel-macos-x86_64 | 0.3.5 | 30.00 | 91.00 | 121.00 | NOTE | |
| r-oldrel-windows-x86_64 | 0.3.5 | 77.00 | 128.00 | 205.00 | OK |
Version: 0.3.5
Check: installed package size
Result: NOTE
installed size is 5.2Mb
sub-directories of 1Mb or more:
libs 4.9Mb
Flavors: r-oldrel-macos-arm64, r-oldrel-macos-x86_64