CRAN Package Check Results for Package catseyes

Last updated on 2025-07-25 07:49:27 CEST.

Flavor Version Tinstall Tcheck Ttotal Status Flags
r-devel-linux-x86_64-debian-clang 0.2.5 1.77 18.28 20.05 OK
r-devel-linux-x86_64-debian-gcc 0.2.5 1.50 15.06 16.56 OK
r-devel-linux-x86_64-fedora-clang 0.2.5 30.47 OK
r-devel-linux-x86_64-fedora-gcc 0.2.5 31.27 OK
r-devel-windows-x86_64 0.2.5 3.00 38.00 41.00 OK
r-patched-linux-x86_64 0.2.5 1.85 17.05 18.90 OK
r-release-linux-x86_64 0.2.5 1.46 17.31 18.77 OK
r-release-macos-arm64 0.2.5 16.00 OK
r-release-macos-x86_64 0.2.5 24.00 OK
r-release-windows-x86_64 0.2.5 3.00 41.00 44.00 OK
r-oldrel-macos-arm64 0.2.5 20.00 NOTE
r-oldrel-macos-x86_64 0.2.5 27.00 NOTE
r-oldrel-windows-x86_64 0.2.5 2.00 42.00 44.00 NOTE

Check Details

Version: 0.2.5
Check: LazyData
Result: NOTE 'LazyData' is specified without a 'data' directory Flavors: r-oldrel-macos-arm64, r-oldrel-macos-x86_64, r-oldrel-windows-x86_64