Last updated on 2025-11-23 03:48:38 CET.
| Flavor | Version | Tinstall | Tcheck | Ttotal | Status | Flags |
|---|---|---|---|---|---|---|
| r-devel-linux-x86_64-debian-clang | 1.0.0 | 22.35 | 70.92 | 93.27 | NOTE | |
| r-devel-linux-x86_64-debian-gcc | 1.0.0 | 16.83 | 55.04 | 71.87 | NOTE | |
| r-devel-linux-x86_64-fedora-clang | 1.0.0 | 66.00 | 94.30 | 160.30 | OK | |
| r-devel-windows-x86_64 | 1.0.0 | 36.00 | 94.00 | 130.00 | OK | |
| r-patched-linux-x86_64 | 1.0.0 | 22.98 | 67.14 | 90.12 | OK | |
| r-release-linux-x86_64 | 1.0.0 | 23.26 | 67.78 | 91.04 | OK | |
| r-release-macos-arm64 | 1.0.0 | OK | ||||
| r-release-macos-x86_64 | 1.0.0 | 15.00 | 68.00 | 83.00 | OK | |
| r-release-windows-x86_64 | 1.0.0 | 34.00 | 108.00 | 142.00 | OK | |
| r-oldrel-macos-arm64 | 1.0.0 | OK | ||||
| r-oldrel-macos-x86_64 | 1.0.0 | 12.00 | 50.00 | 62.00 | OK | |
| r-oldrel-windows-x86_64 | 1.0.0 | 36.00 | 117.00 | 153.00 | OK |
Version: 1.0.0
Check: CRAN incoming feasibility
Result: NOTE
Maintainer: ‘Thomas Welchowski <welchow@imbie.meb.uni-bonn.de>’
No Authors@R field in DESCRIPTION.
Please add one, modifying
Authors@R: person(given = "Thomas",
family = "Welchowski",
role = c("aut", "cre"),
email = "welchow@imbie.meb.uni-bonn.de")
as necessary.
The Description field contains
<arXiv:1802.08178>.
Please refer to arXiv e-prints via their arXiv DOI <doi:10.48550/arXiv.YYMM.NNNNN>.
Flavors: r-devel-linux-x86_64-debian-clang, r-devel-linux-x86_64-debian-gcc