Last updated on 2025-10-31 07:51:41 CET.
| Flavor | Version | Tinstall | Tcheck | Ttotal | Status | Flags | 
|---|---|---|---|---|---|---|
| r-devel-linux-x86_64-debian-clang | 1.0.0 | 24.35 | 70.75 | 95.10 | NOTE | |
| r-devel-linux-x86_64-debian-gcc | 1.0.0 | 15.63 | 54.46 | 70.09 | NOTE | |
| r-devel-linux-x86_64-fedora-clang | 1.0.0 | 60.00 | 99.02 | 159.02 | OK | |
| r-devel-linux-x86_64-fedora-gcc | 1.0.0 | 54.00 | 95.75 | 149.75 | OK | |
| r-devel-windows-x86_64 | 1.0.0 | 31.00 | 94.00 | 125.00 | OK | |
| r-patched-linux-x86_64 | 1.0.0 | 23.76 | 68.87 | 92.63 | OK | |
| r-release-linux-x86_64 | 1.0.0 | 24.63 | 68.30 | 92.93 | OK | |
| r-release-macos-arm64 | 1.0.0 | 12.00 | 39.00 | 51.00 | OK | |
| r-release-macos-x86_64 | 1.0.0 | 15.00 | 68.00 | 83.00 | OK | |
| r-release-windows-x86_64 | 1.0.0 | 31.00 | 97.00 | 128.00 | OK | |
| r-oldrel-macos-arm64 | 1.0.0 | 12.00 | 37.00 | 49.00 | OK | |
| r-oldrel-macos-x86_64 | 1.0.0 | 12.00 | 50.00 | 62.00 | OK | |
| r-oldrel-windows-x86_64 | 1.0.0 | 39.00 | 121.00 | 160.00 | OK | 
Version: 1.0.0
Check: CRAN incoming feasibility
Result: NOTE
  Maintainer: ‘Thomas Welchowski <welchow@imbie.meb.uni-bonn.de>’
  
  No Authors@R field in DESCRIPTION.
  Please add one, modifying
    Authors@R: person(given = "Thomas",
                      family = "Welchowski",
                      role = c("aut", "cre"),
                      email = "welchow@imbie.meb.uni-bonn.de")
  as necessary.
  
  The Description field contains
    <arXiv:1802.08178>.
  Please refer to arXiv e-prints via their arXiv DOI <doi:10.48550/arXiv.YYMM.NNNNN>.
Flavors: r-devel-linux-x86_64-debian-clang, r-devel-linux-x86_64-debian-gcc