CRAN Package Check Results for Package camsRad

Last updated on 2025-11-23 09:50:43 CET.

Flavor Version Tinstall Tcheck Ttotal Status Flags
r-devel-linux-x86_64-debian-clang 0.3.0 1.24 25.05 26.29 NOTE
r-devel-linux-x86_64-debian-gcc 0.3.0 1.37 21.20 22.57 NOTE
r-devel-linux-x86_64-fedora-clang 0.3.0 39.85 OK
r-devel-windows-x86_64 0.3.0 5.00 43.00 48.00 OK
r-patched-linux-x86_64 0.3.0 1.81 22.68 24.49 OK
r-release-linux-x86_64 0.3.0 1.70 22.72 24.42 OK
r-release-macos-arm64 0.3.0 OK
r-release-macos-x86_64 0.3.0 2.00 45.00 47.00 OK
r-release-windows-x86_64 0.3.0 4.00 43.00 47.00 OK
r-oldrel-macos-arm64 0.3.0 NOTE
r-oldrel-macos-x86_64 0.3.0 1.00 46.00 47.00 NOTE
r-oldrel-windows-x86_64 0.3.0 4.00 48.00 52.00 NOTE

Check Details

Version: 0.3.0
Check: CRAN incoming feasibility
Result: NOTE Maintainer: ‘Lukas Lundstrom <lukas.rokka@gmail.com>’ Found the following (possibly) invalid file URI: URI: CONDUCT.md From: README.md Flavors: r-devel-linux-x86_64-debian-clang, r-devel-linux-x86_64-debian-gcc

Version: 0.3.0
Check: LazyData
Result: NOTE 'LazyData' is specified without a 'data' directory Flavors: r-oldrel-macos-arm64, r-oldrel-macos-x86_64, r-oldrel-windows-x86_64