Last updated on 2025-10-21 23:50:49 CEST.
Flavor | Version | Tinstall | Tcheck | Ttotal | Status | Flags |
---|---|---|---|---|---|---|
r-devel-linux-x86_64-debian-clang | 0.0.3 | 4.21 | 38.72 | 42.93 | OK | |
r-devel-linux-x86_64-debian-gcc | 0.0.3 | 2.76 | 29.52 | 32.28 | OK | |
r-devel-linux-x86_64-fedora-clang | 0.0.3 | 57.41 | OK | |||
r-devel-linux-x86_64-fedora-gcc | 0.0.3 | 75.38 | OK | |||
r-devel-windows-x86_64 | 0.0.3 | 6.00 | 54.00 | 60.00 | OK | |
r-patched-linux-x86_64 | 0.0.3 | 3.91 | 36.20 | 40.11 | OK | |
r-release-linux-x86_64 | 0.0.3 | 4.00 | 36.67 | 40.67 | OK | |
r-release-macos-arm64 | 0.0.3 | 2.00 | 35.00 | 37.00 | OK | |
r-release-macos-x86_64 | 0.0.3 | 4.00 | 53.00 | 57.00 | OK | |
r-release-windows-x86_64 | 0.0.3 | 6.00 | 56.00 | 62.00 | OK | |
r-oldrel-macos-arm64 | 0.0.3 | 2.00 | 27.00 | 29.00 | NOTE | |
r-oldrel-macos-x86_64 | 0.0.3 | 3.00 | 46.00 | 49.00 | NOTE | |
r-oldrel-windows-x86_64 | 0.0.3 | 8.00 | 66.00 | 74.00 | NOTE |
Version: 0.0.3
Check: LazyData
Result: NOTE
'LazyData' is specified without a 'data' directory
Flavors: r-oldrel-macos-arm64, r-oldrel-macos-x86_64, r-oldrel-windows-x86_64