Last updated on 2025-10-21 17:49:43 CEST.
Flavor | Version | Tinstall | Tcheck | Ttotal | Status | Flags |
---|---|---|---|---|---|---|
r-devel-linux-x86_64-debian-clang | 2.3.0 | 409.38 | 169.26 | 578.64 | NOTE | |
r-devel-linux-x86_64-debian-gcc | 2.3.0 | 430.93 | 151.33 | 582.26 | NOTE | |
r-devel-linux-x86_64-fedora-clang | 2.3.0 | 271.00 | 586.15 | 857.15 | OK | |
r-devel-linux-x86_64-fedora-gcc | 2.3.0 | 451.00 | 775.04 | 1226.04 | OK | |
r-devel-windows-x86_64 | 2.3.0 | 459.00 | 246.00 | 705.00 | OK | |
r-patched-linux-x86_64 | 2.3.0 | 523.57 | 204.76 | 728.33 | OK | |
r-release-linux-x86_64 | 2.3.0 | 526.46 | 203.57 | 730.03 | OK | |
r-release-macos-arm64 | 2.3.0 | 161.00 | 71.00 | 232.00 | OK | |
r-release-macos-x86_64 | 2.3.0 | 191.00 | 99.00 | 290.00 | OK | |
r-release-windows-x86_64 | 2.3.0 | 471.00 | 249.00 | 720.00 | OK | |
r-oldrel-macos-arm64 | 2.3.0 | 184.00 | 98.00 | 282.00 | NOTE | |
r-oldrel-macos-x86_64 | 2.3.0 | 178.00 | 106.00 | 284.00 | NOTE | |
r-oldrel-windows-x86_64 | 2.3.0 | 549.00 | 298.00 | 847.00 | NOTE |
Version: 2.3.0
Check: HTML version of manual
Result: NOTE
Found the following HTML validation problems:
alpl.html:53:1 (alpl.Rd:15): Warning: missing </ul> before </div>
autoplot.bvhardynsp.html:79:1 (autoplot.bvhardynsp.Rd:30): Warning: missing </ul> before </div>
set_intercept.html:70:1 (set_intercept.Rd:27): Warning: missing </ul> before </div>
Flavors: r-devel-linux-x86_64-debian-clang, r-devel-linux-x86_64-debian-gcc
Version: 2.3.0
Check: installed package size
Result: NOTE
installed size is 142.8Mb
sub-directories of 1Mb or more:
libs 140.6Mb
Flavors: r-oldrel-macos-arm64, r-oldrel-macos-x86_64, r-oldrel-windows-x86_64