CRAN Package Check Results for Package bundesligR

Last updated on 2025-11-20 14:51:08 CET.

Flavor Version Tinstall Tcheck Ttotal Status Flags
r-devel-linux-x86_64-debian-clang 0.1.0 1.30 17.60 18.90 NOTE
r-devel-linux-x86_64-debian-gcc 0.1.0 1.25 14.44 15.69 NOTE
r-devel-linux-x86_64-fedora-clang 0.1.0 28.12 OK
r-devel-linux-x86_64-fedora-gcc 0.1.0 25.61 OK
r-devel-windows-x86_64 0.1.0 2.00 30.00 32.00 OK
r-patched-linux-x86_64 0.1.0 1.59 16.08 17.67 OK
r-release-linux-x86_64 0.1.0 1.32 16.54 17.86 OK
r-release-macos-arm64 0.1.0 OK
r-release-macos-x86_64 0.1.0 1.00 20.00 21.00 OK
r-release-windows-x86_64 0.1.0 2.00 31.00 33.00 OK
r-oldrel-macos-arm64 0.1.0 OK
r-oldrel-macos-x86_64 0.1.0 1.00 16.00 17.00 OK
r-oldrel-windows-x86_64 0.1.0 2.00 33.00 35.00 OK

Check Details

Version: 0.1.0
Check: CRAN incoming feasibility
Result: NOTE Maintainer: ‘Philipp Ottolinger <philipp@ottolinger.de>’ No Authors@R field in DESCRIPTION. Please add one, modifying Authors@R: person(given = "Philipp", family = "Ottolinger", role = c("aut", "cre"), email = "philipp@ottolinger.de") as necessary. Flavors: r-devel-linux-x86_64-debian-clang, r-devel-linux-x86_64-debian-gcc