CRAN Package Check Results for Package bulkQC

Last updated on 2025-11-01 02:52:52 CET.

Flavor Version Tinstall Tcheck Ttotal Status Flags
r-devel-linux-x86_64-debian-clang 1.1 2.10 27.79 29.89 NOTE
r-devel-linux-x86_64-debian-gcc 1.1 2.06 21.82 23.88 NOTE
r-devel-linux-x86_64-fedora-clang 1.1 44.56 OK
r-devel-linux-x86_64-fedora-gcc 1.1 42.52 OK
r-devel-windows-x86_64 1.1 4.00 50.00 54.00 OK
r-patched-linux-x86_64 1.1 2.20 26.35 28.55 OK
r-release-linux-x86_64 1.1 1.98 27.58 29.56 OK
r-release-macos-arm64 1.1 2.00 18.00 20.00 OK
r-release-macos-x86_64 1.1 4.00 35.00 39.00 OK
r-release-windows-x86_64 1.1 5.00 52.00 57.00 OK
r-oldrel-macos-arm64 1.1 1.00 17.00 18.00 OK
r-oldrel-macos-x86_64 1.1 2.00 30.00 32.00 OK
r-oldrel-windows-x86_64 1.1 4.00 55.00 59.00 OK

Check Details

Version: 1.1
Check: CRAN incoming feasibility
Result: NOTE Maintainer: ‘Joseph Rigdon <jrigdon@wakehealth.edu>’ No Authors@R field in DESCRIPTION. Please add one, modifying Authors@R: person(given = "Joseph", family = "Rigdon", role = c("aut", "cre"), email = "jrigdon@wakehealth.edu") as necessary. Flavors: r-devel-linux-x86_64-debian-clang, r-devel-linux-x86_64-debian-gcc