CRAN Package Check Results for Package bubbleHeatmap

Last updated on 2025-07-21 16:50:11 CEST.

Flavor Version Tinstall Tcheck Ttotal Status Flags
r-devel-linux-x86_64-debian-clang 0.1.1 3.61 36.70 40.31 NOTE
r-devel-linux-x86_64-debian-gcc 0.1.1 2.61 28.46 31.07 NOTE
r-devel-linux-x86_64-fedora-clang 0.1.1 63.47 NOTE
r-devel-linux-x86_64-fedora-gcc 0.1.1 75.08 NOTE
r-devel-windows-x86_64 0.1.1 4.00 54.00 58.00 NOTE
r-patched-linux-x86_64 0.1.1 3.47 34.54 38.01 NOTE
r-release-linux-x86_64 0.1.1 3.54 34.12 37.66 NOTE
r-release-macos-arm64 0.1.1 29.00 NOTE
r-release-macos-x86_64 0.1.1 58.00 NOTE
r-release-windows-x86_64 0.1.1 4.00 55.00 59.00 NOTE
r-oldrel-macos-arm64 0.1.1 32.00 NOTE
r-oldrel-macos-x86_64 0.1.1 43.00 NOTE
r-oldrel-windows-x86_64 0.1.1 6.00 62.00 68.00 NOTE

Check Details

Version: 0.1.1
Check: Rd files
Result: NOTE checkRd: (-1) bubbleHMLegends.Rd:42: Lost braces; missing escapes or markup? 42 | function. If {sizeBreaks} vector is supplied then this will be ignored and | ^ checkRd: (-1) bubbleHeatmap.Rd:96: Lost braces; missing escapes or markup? 96 | function. If {sizeBreaks} vector is supplied then this will be ignored and | ^ checkRd: (-1) multiPlotInput.Rd:117: Lost braces; missing escapes or markup? 117 | \code{unitBase}. This will be supplied to pretty function. If {sizeBreaks} is | ^ Flavors: r-devel-linux-x86_64-debian-clang, r-devel-linux-x86_64-debian-gcc, r-devel-linux-x86_64-fedora-clang, r-devel-linux-x86_64-fedora-gcc, r-devel-windows-x86_64, r-patched-linux-x86_64, r-release-linux-x86_64, r-release-macos-arm64, r-release-macos-x86_64, r-release-windows-x86_64, r-oldrel-macos-arm64, r-oldrel-macos-x86_64, r-oldrel-windows-x86_64