Last updated on 2025-07-19 08:48:30 CEST.
Flavor | Version | Tinstall | Tcheck | Ttotal | Status | Flags |
---|---|---|---|---|---|---|
r-devel-linux-x86_64-debian-clang | 1.0 | 1224.37 | 210.19 | 1434.56 | OK | |
r-devel-linux-x86_64-debian-gcc | 1.0 | 1148.72 | 240.34 | 1389.06 | OK | |
r-devel-linux-x86_64-fedora-clang | 1.0 | 2070.69 | NOTE | |||
r-devel-linux-x86_64-fedora-gcc | 1.0 | 2522.11 | NOTE | |||
r-devel-windows-x86_64 | 1.0 | 1362.00 | 357.00 | 1719.00 | OK | |
r-patched-linux-x86_64 | 1.0 | 1501.49 | 328.22 | 1829.71 | OK | |
r-release-linux-x86_64 | 1.0 | 1485.06 | 336.29 | 1821.35 | OK | |
r-release-macos-arm64 | 1.0 | 688.00 | OK | |||
r-release-macos-x86_64 | 1.0 | 676.00 | OK | |||
r-release-windows-x86_64 | 1.0 | 1356.00 | 345.00 | 1701.00 | OK | |
r-oldrel-macos-arm64 | 1.0 | 338.00 | NOTE | |||
r-oldrel-macos-x86_64 | 1.0 | 271.00 | NOTE | |||
r-oldrel-windows-x86_64 | 1.0 | 1537.00 | 458.00 | 1995.00 | NOTE |
Version: 1.0
Check: dependencies in R code
Result: NOTE
Namespaces in Imports field not imported from:
‘R6’ ‘RcppParallel’ ‘purrr’ ‘rstantools’ ‘scales’ ‘vizdraws’
All declared Imports should be used.
Flavors: r-devel-linux-x86_64-fedora-clang, r-devel-linux-x86_64-fedora-gcc
Version: 1.0
Check: installed package size
Result: NOTE
installed size is 173.7Mb
sub-directories of 1Mb or more:
libs 172.8Mb
Flavors: r-oldrel-macos-arm64, r-oldrel-macos-x86_64, r-oldrel-windows-x86_64
Version: 1.0
Check: for GNU extensions in Makefiles
Result: NOTE
GNU make is a SystemRequirements.
Flavors: r-oldrel-macos-arm64, r-oldrel-macos-x86_64, r-oldrel-windows-x86_64