Last updated on 2025-11-15 18:48:37 CET.
| Flavor | Version | Tinstall | Tcheck | Ttotal | Status | Flags |
|---|---|---|---|---|---|---|
| r-devel-linux-x86_64-debian-clang | 1.0.2 | 10.56 | 299.58 | 310.14 | OK | |
| r-devel-linux-x86_64-debian-gcc | 1.0.2 | 6.16 | 199.76 | 205.92 | OK | |
| r-devel-linux-x86_64-fedora-clang | 1.0.2 | 24.00 | 458.23 | 482.23 | OK | |
| r-devel-linux-x86_64-fedora-gcc | 1.0.2 | 20.00 | 450.46 | 470.46 | OK | |
| r-devel-windows-x86_64 | 1.0.2 | 14.00 | 273.00 | 287.00 | OK | |
| r-patched-linux-x86_64 | 1.0.2 | 9.55 | 286.76 | 296.31 | OK | |
| r-release-linux-x86_64 | 1.0.2 | 8.21 | 286.79 | 295.00 | OK | |
| r-release-macos-arm64 | 1.0.2 | 4.00 | 121.00 | 125.00 | OK | |
| r-release-macos-x86_64 | 1.0.2 | 12.00 | 242.00 | 254.00 | OK | |
| r-release-windows-x86_64 | 1.0.2 | 14.00 | 255.00 | 269.00 | OK | |
| r-oldrel-macos-arm64 | 1.0.2 | 4.00 | 107.00 | 111.00 | OK | |
| r-oldrel-macos-x86_64 | 1.0.2 | 9.00 | 227.00 | 236.00 | NOTE | |
| r-oldrel-windows-x86_64 | 1.0.2 | 17.00 | 362.00 | 379.00 | OK |
Version: 1.0.2
Check: installed package size
Result: NOTE
installed size is 5.0Mb
sub-directories of 1Mb or more:
doc 2.4Mb
help 2.3Mb
Flavor: r-oldrel-macos-x86_64