Last updated on 2025-10-21 17:49:43 CEST.
Flavor | Version | Tinstall | Tcheck | Ttotal | Status | Flags |
---|---|---|---|---|---|---|
r-devel-linux-x86_64-debian-clang | 0.2.9 | 15.07 | 142.41 | 157.48 | NOTE | |
r-devel-linux-x86_64-debian-gcc | 0.2.9 | 9.09 | 95.07 | 104.16 | NOTE | |
r-devel-linux-x86_64-fedora-clang | 0.2.9 | 64.00 | 178.19 | 242.19 | OK | |
r-devel-linux-x86_64-fedora-gcc | 0.2.9 | 30.00 | 203.36 | 233.36 | OK | |
r-devel-windows-x86_64 | 0.2.9 | 16.00 | 188.00 | 204.00 | OK | |
r-patched-linux-x86_64 | 0.2.9 | 22.70 | 129.47 | 152.17 | OK | |
r-release-linux-x86_64 | 0.2.9 | 11.01 | 130.99 | 142.00 | OK | |
r-release-macos-arm64 | 0.2.9 | 6.00 | 63.00 | 69.00 | OK | |
r-release-macos-x86_64 | 0.2.9 | 15.00 | 146.00 | 161.00 | OK | |
r-release-windows-x86_64 | 0.2.9 | 21.00 | 189.00 | 210.00 | OK | |
r-oldrel-macos-arm64 | 0.2.9 | 6.00 | 71.00 | 77.00 | OK | |
r-oldrel-macos-x86_64 | 0.2.9 | 17.00 | 147.00 | 164.00 | OK | |
r-oldrel-windows-x86_64 | 0.2.9 | 21.00 | 218.00 | 239.00 | OK |
Version: 0.2.9
Check: HTML version of manual
Result: NOTE
Found the following HTML validation problems:
db_cluster_action.html:70:1 (db_cluster_action.Rd:26): Warning: missing </ul> before </div>
db_context_manager.html:193:1 (db_context_manager.Rd:103): Warning: missing </ul> before </div>
db_context_manager.html:116:1 (db_context_manager.Rd:60): Warning: <h5> anchor "Usage" already defined
db_context_manager.html:132:1 (db_context_manager.Rd:70): Warning: <h5> anchor "Usage" already defined
db_context_manager.html:138:1 (db_context_manager.Rd:74): Warning: <h5> anchor "Arguments" already defined
db_context_manager.html:153:1 (db_context_manager.Rd:83): Warning: <h5> anchor "Returns" already defined
db_context_manager.html:170:1 (db_context_manager.Rd:92): Warning: <h5> anchor "Usage" already defined
db_context_manager.html:176:1 (db_context_manager.Rd:96): Warning: <h5> anchor "Arguments" already defined
db_sql_exec_poll_for_success.html:68:1 (db_sql_exec_poll_for_success.Rd:24): Warning: missing </ul> before </div>
git_source.html:67:1 (git_source.Rd:25): Warning: missing </ul> before </div>
job_task.html:135:1 (job_task.Rd:73): Warning: missing </ul> before </div>
show-DatabricksConnection-method.html:47:1 (show-DatabricksConnection-method.Rd:10): Warning: missing </ul> before </div>
show-DatabricksDriver-method.html:47:1 (show-DatabricksDriver-method.Rd:10): Warning: missing </ul> before </div>
show-DatabricksResult-method.html:47:1 (show-DatabricksResult-method.Rd:10): Warning: missing </ul> before </div>
Flavors: r-devel-linux-x86_64-debian-clang, r-devel-linux-x86_64-debian-gcc