Last updated on 2025-10-22 05:51:01 CEST.
Flavor | Version | Tinstall | Tcheck | Ttotal | Status | Flags |
---|---|---|---|---|---|---|
r-devel-linux-x86_64-debian-clang | 3.1.1 | 25.91 | 129.85 | 155.76 | NOTE | |
r-devel-linux-x86_64-debian-gcc | 3.1.1 | 16.47 | 85.71 | 102.18 | NOTE | |
r-devel-linux-x86_64-fedora-clang | 3.1.1 | 44.00 | 188.84 | 232.84 | OK | |
r-devel-linux-x86_64-fedora-gcc | 3.1.1 | 48.00 | 176.19 | 224.19 | OK | |
r-devel-windows-x86_64 | 3.1.1 | 27.00 | 132.00 | 159.00 | OK | |
r-patched-linux-x86_64 | 3.1.0 | 28.08 | 120.00 | 148.08 | NOTE | |
r-release-linux-x86_64 | 3.1.1 | 20.02 | 119.94 | 139.96 | OK | |
r-release-macos-arm64 | 3.1.1 | 12.00 | 46.00 | 58.00 | OK | |
r-release-macos-x86_64 | 3.1.1 | 32.00 | 115.00 | 147.00 | OK | |
r-release-windows-x86_64 | 3.1.1 | 23.00 | 135.00 | 158.00 | OK | |
r-oldrel-macos-arm64 | 3.1.1 | 13.00 | 51.00 | 64.00 | OK | |
r-oldrel-macos-x86_64 | 3.1.1 | 43.00 | 106.00 | 149.00 | OK | |
r-oldrel-windows-x86_64 | 3.1.1 | 24.00 | 164.00 | 188.00 | OK |
Version: 3.1.1
Check: HTML version of manual
Result: NOTE
Found the following HTML validation problems:
dir2files.html:47:1 (dir2files.Rd:11): Warning: missing </ul> before </div>
Flavors: r-devel-linux-x86_64-debian-clang, r-devel-linux-x86_64-debian-gcc
Version: 3.1.0
Check: Rd cross-references
Result: NOTE
Found the following Rd file(s) with Rd \link{} targets missing package
anchors:
plot_global.Rd: data.table
Please provide package anchors for all Rd \link{} targets not in the
package itself and the base packages.
Flavor: r-patched-linux-x86_64