Last updated on 2025-11-20 08:48:29 CET.
| Flavor | Version | Tinstall | Tcheck | Ttotal | Status | Flags |
|---|---|---|---|---|---|---|
| r-devel-linux-x86_64-debian-clang | 0.2.0 | 54.32 | 74.04 | 128.36 | NOTE | |
| r-devel-linux-x86_64-debian-gcc | 0.2.0 | 35.50 | 56.10 | 91.60 | NOTE | |
| r-devel-linux-x86_64-fedora-clang | 0.2.0 | 92.00 | 145.33 | 237.33 | OK | |
| r-devel-linux-x86_64-fedora-gcc | 0.2.0 | 93.00 | 126.42 | 219.42 | OK | |
| r-devel-windows-x86_64 | 0.2.0 | 73.00 | 95.00 | 168.00 | OK | |
| r-patched-linux-x86_64 | 0.2.0 | 50.38 | 71.62 | 122.00 | OK | |
| r-release-linux-x86_64 | 0.2.0 | 50.18 | 71.30 | 121.48 | OK | |
| r-release-macos-arm64 | 0.2.0 | OK | ||||
| r-release-macos-x86_64 | 0.2.0 | 22.00 | 76.00 | 98.00 | OK | |
| r-release-windows-x86_64 | 0.2.0 | 63.00 | 96.00 | 159.00 | OK | |
| r-oldrel-macos-arm64 | 0.2.0 | OK | ||||
| r-oldrel-macos-x86_64 | 0.2.0 | 19.00 | 63.00 | 82.00 | OK | |
| r-oldrel-windows-x86_64 | 0.2.0 | 76.00 | 122.00 | 198.00 | OK |
Version: 0.2.0
Check: CRAN incoming feasibility
Result: NOTE
Maintainer: ‘Jeffrey A. Boatman <jeffrey.boatman@gmail.com>’
No Authors@R field in DESCRIPTION.
Please add one, modifying
Authors@R: c(person(given = c("Jeffrey", "A."),
family = "Boatman",
role = c("aut", "cre"),
email = "jeffrey.boatman@gmail.com"),
person(given = c("David", "M."),
family = "Vock",
role = "aut"),
person(given = c("Joseph", "S."),
family = "Koopmeiners",
role = "aut"))
as necessary.
Flavors: r-devel-linux-x86_64-debian-clang, r-devel-linux-x86_64-debian-gcc