Last updated on 2025-11-04 09:49:53 CET.
| Flavor | Version | Tinstall | Tcheck | Ttotal | Status | Flags | 
|---|---|---|---|---|---|---|
| r-devel-linux-x86_64-debian-clang | 0.1 | 17.78 | 152.51 | 170.29 | OK | |
| r-devel-linux-x86_64-debian-gcc | 0.1 | 11.65 | 111.61 | 123.26 | OK | |
| r-devel-linux-x86_64-fedora-clang | 0.1 | 72.00 | 215.70 | 287.70 | OK | |
| r-devel-linux-x86_64-fedora-gcc | 0.1 | 34.00 | 222.84 | 256.84 | OK | |
| r-devel-windows-x86_64 | 0.1 | 20.00 | 155.00 | 175.00 | OK | |
| r-patched-linux-x86_64 | 0.1 | 18.32 | 146.85 | 165.17 | OK | |
| r-release-linux-x86_64 | 0.1 | 17.08 | 147.67 | 164.75 | OK | |
| r-release-macos-arm64 | 0.1 | 14.00 | 91.00 | 105.00 | OK | |
| r-release-macos-x86_64 | 0.1 | 18.00 | 115.00 | 133.00 | OK | |
| r-release-windows-x86_64 | 0.1 | 19.00 | 154.00 | 173.00 | OK | |
| r-oldrel-macos-arm64 | 0.1 | 14.00 | 94.00 | 108.00 | NOTE | |
| r-oldrel-macos-x86_64 | 0.1 | 17.00 | 130.00 | 147.00 | NOTE | |
| r-oldrel-windows-x86_64 | 0.1 | 22.00 | 194.00 | 216.00 | NOTE | 
Version: 0.1
Check: package dependencies
Result: NOTE
  Depends: includes the non-default packages:
    'tseries', 'fGarch', 'timeSeries', 'timeDate', 'fBasics', 'geoR'
  Adding so many packages to the search path is excessive and importing
  selectively is preferable.
Flavors: r-oldrel-macos-arm64, r-oldrel-macos-x86_64, r-oldrel-windows-x86_64