Last updated on 2025-10-25 18:50:09 CEST.
| Flavor | Version | Tinstall | Tcheck | Ttotal | Status | Flags |
|---|---|---|---|---|---|---|
| r-devel-linux-x86_64-debian-clang | 1.0 | 29.27 | 101.95 | 131.22 | OK | |
| r-devel-linux-x86_64-debian-gcc | 1.0 | 26.23 | 74.28 | 100.51 | OK | |
| r-devel-linux-x86_64-fedora-clang | 1.0 | 164.00 | 62.99 | 226.99 | NOTE | |
| r-devel-linux-x86_64-fedora-gcc | 1.0 | 70.00 | 144.32 | 214.32 | NOTE | |
| r-devel-windows-x86_64 | 1.0 | 38.00 | 121.00 | 159.00 | OK | |
| r-patched-linux-x86_64 | 1.0 | 30.20 | 96.33 | 126.53 | OK | |
| r-release-linux-x86_64 | 1.0 | 27.31 | 95.72 | 123.03 | OK | |
| r-release-macos-arm64 | 1.0 | 13.00 | 57.00 | 70.00 | OK | |
| r-release-macos-x86_64 | 1.0 | 22.00 | 110.00 | 132.00 | OK | |
| r-release-windows-x86_64 | 1.0 | 38.00 | 123.00 | 161.00 | OK | |
| r-oldrel-macos-arm64 | 1.0 | 13.00 | 51.00 | 64.00 | NOTE | |
| r-oldrel-macos-x86_64 | 1.0 | 17.00 | 75.00 | 92.00 | NOTE | |
| r-oldrel-windows-x86_64 | 1.0 | 47.00 | 163.00 | 210.00 | NOTE |
Version: 1.0
Check: dependencies in R code
Result: NOTE
Namespace in Imports field not imported from: ‘Rcpp’
All declared Imports should be used.
Flavors: r-devel-linux-x86_64-fedora-clang, r-devel-linux-x86_64-fedora-gcc
Version: 1.0
Check: installed package size
Result: NOTE
installed size is 8.2Mb
sub-directories of 1Mb or more:
extdata 4.8Mb
libs 2.7Mb
Flavors: r-oldrel-macos-arm64, r-oldrel-macos-x86_64, r-oldrel-windows-x86_64