Last updated on 2024-07-13 11:49:08 CEST.
Flavor | Version | Tinstall | Tcheck | Ttotal | Status | Flags |
---|---|---|---|---|---|---|
r-devel-linux-x86_64-debian-clang | 1.3 | 11.20 | 92.00 | 103.20 | OK | |
r-devel-linux-x86_64-debian-gcc | 1.3 | 8.46 | 68.48 | 76.94 | OK | |
r-devel-linux-x86_64-fedora-clang | 1.3 | 129.28 | NOTE | |||
r-devel-linux-x86_64-fedora-gcc | 1.3 | 129.45 | OK | |||
r-devel-windows-x86_64 | 1.3 | 11.00 | 86.00 | 97.00 | OK | |
r-patched-linux-x86_64 | 1.3 | 10.31 | 89.49 | 99.80 | OK | |
r-release-linux-x86_64 | 1.3 | 11.22 | 88.13 | 99.35 | OK | |
r-release-macos-arm64 | 1.3 | 37.00 | OK | |||
r-release-macos-x86_64 | 1.3 | 62.00 | OK | |||
r-release-windows-x86_64 | 1.3 | 11.00 | 86.00 | 97.00 | OK | |
r-oldrel-macos-arm64 | 1.3 | 47.00 | OK | |||
r-oldrel-macos-x86_64 | 1.3 | 66.00 | OK | |||
r-oldrel-windows-x86_64 | 1.3 | 15.00 | 101.00 | 116.00 | OK |
Version: 1.3
Check: Rd cross-references
Result: NOTE
Undeclared package ‘genalg’ in Rd xrefs
Flavor: r-devel-linux-x86_64-fedora-clang