CRAN Package Check Results for Package bigmatch

Last updated on 2025-11-08 22:50:42 CET.

Flavor Version Tinstall Tcheck Ttotal Status Flags
r-devel-linux-x86_64-debian-clang 0.6.4 3.68 45.08 48.76 NOTE
r-devel-linux-x86_64-debian-gcc 0.6.4 3.00 33.62 36.62 NOTE
r-devel-linux-x86_64-fedora-clang 0.6.4 18.00 61.54 79.54 OK
r-devel-linux-x86_64-fedora-gcc 0.6.4 74.32 OK
r-devel-windows-x86_64 0.6.4 5.00 61.00 66.00 OK
r-patched-linux-x86_64 0.6.4 3.88 43.46 47.34 OK
r-release-linux-x86_64 0.6.4 4.04 42.73 46.77 OK
r-release-macos-arm64 0.6.4 2.00 28.00 30.00 OK
r-release-macos-x86_64 0.6.4 6.00 45.00 51.00 OK
r-release-windows-x86_64 0.6.4 5.00 60.00 65.00 OK
r-oldrel-macos-arm64 0.6.4 2.00 24.00 26.00 NOTE
r-oldrel-macos-x86_64 0.6.4 4.00 42.00 46.00 NOTE
r-oldrel-windows-x86_64 0.6.4 7.00 74.00 81.00 NOTE

Check Details

Version: 0.6.4
Check: CRAN incoming feasibility
Result: NOTE Maintainer: ‘Ruoqi Yu <ruoqiyu125@gmail.com>’ No Authors@R field in DESCRIPTION. Please add one, modifying Authors@R: person(given = "Ruoqi", family = "Yu", role = c("aut", "cre"), email = "ruoqiyu125@gmail.com") as necessary. Flavors: r-devel-linux-x86_64-debian-clang, r-devel-linux-x86_64-debian-gcc

Version: 0.6.4
Check: package dependencies
Result: NOTE Package suggested but not available for checking: ‘rrelaxiv’ Flavors: r-oldrel-macos-arm64, r-oldrel-macos-x86_64, r-oldrel-windows-x86_64