Last updated on 2025-11-02 15:49:45 CET.
| Flavor | Version | Tinstall | Tcheck | Ttotal | Status | Flags |
|---|---|---|---|---|---|---|
| r-devel-linux-x86_64-debian-clang | 1.9.1 | 2.95 | 43.98 | 46.93 | NOTE | |
| r-devel-linux-x86_64-debian-gcc | 1.9.1 | 2.53 | 31.56 | 34.09 | NOTE | |
| r-devel-linux-x86_64-fedora-clang | 1.9.1 | 14.00 | 59.42 | 73.42 | OK | |
| r-devel-linux-x86_64-fedora-gcc | 1.9.1 | 66.84 | OK | |||
| r-devel-windows-x86_64 | 1.9.1 | 4.00 | 66.00 | 70.00 | OK | |
| r-patched-linux-x86_64 | 1.9.1 | 3.24 | 40.68 | 43.92 | OK | |
| r-release-linux-x86_64 | 1.9.1 | 2.75 | 40.08 | 42.83 | OK | |
| r-release-macos-arm64 | 1.9.1 | 2.00 | 36.00 | 38.00 | OK | |
| r-release-macos-x86_64 | 1.9.1 | 4.00 | 49.00 | 53.00 | OK | |
| r-release-windows-x86_64 | 1.9.1 | 5.00 | 64.00 | 69.00 | OK | |
| r-oldrel-macos-arm64 | 1.9.1 | 2.00 | 23.00 | 25.00 | NOTE | |
| r-oldrel-macos-x86_64 | 1.9.1 | 4.00 | 39.00 | 43.00 | NOTE | |
| r-oldrel-windows-x86_64 | 1.9.1 | 6.00 | 78.00 | 84.00 | NOTE |
Version: 1.9.1
Check: CRAN incoming feasibility
Result: NOTE
Maintainer: ‘Wojciech Rosa <w.rosa@pollub.pl>’
No Authors@R field in DESCRIPTION.
Please add one, modifying
Authors@R: person(given = "Wojciech",
family = "Rosa",
role = c("aut", "cre"),
email = "w.rosa@pollub.pl")
as necessary.
Flavors: r-devel-linux-x86_64-debian-clang, r-devel-linux-x86_64-debian-gcc
Version: 1.9.1
Check: package dependencies
Result: NOTE
Package suggested but not available for checking: ‘ffbase’
Flavors: r-oldrel-macos-arm64, r-oldrel-macos-x86_64, r-oldrel-windows-x86_64